{"id":1834,"date":"2019-09-17T14:07:26","date_gmt":"2019-09-17T12:07:26","guid":{"rendered":"http:\/\/pc-direkthandel.de\/wordpress\/?post_type=product&#038;p=1834"},"modified":"2019-11-07T15:51:23","modified_gmt":"2019-11-07T13:51:23","slug":"microsoft-project-2019-professional-esd-key","status":"publish","type":"product","link":"http:\/\/pc-direkthandel.de\/wordpress\/product\/microsoft-project-2019-professional-esd-key\/","title":{"rendered":"Microsoft Project 2019 Professional (ESD &#038; Key)"},"content":{"rendered":"<p><strong>Projekt- und Ressourcenverwaltung in Unternehmen mit Microsoft Project Professional 2019<\/strong><\/p>\n<p>Project\u00a0Professional in der\u00a02019er-Version\u00a0ist ein Werkzeug, das die gesamte Bandbreite des Projektmanagements \u00fcbernimmt. Projektleiter verwalten mit dieser Software Ressourcen wie Mitarbeiter, Zeit und Budget und behalten die \u00dcbersicht auch bei sehr vielen simultan laufenden Projekten. Zus\u00e4tzlich k\u00f6nnen Projekte beinahe unbegrenzt in ihrer Gr\u00f6\u00dfe sein: Von kleinen Aufgaben bis zu Projekten, die mehrere Jahre \u00fcberspannen und somit von besonderer Bedeutung sind. Die Zusammenarbeit an Projekten dieser Art ist wahlweise lokal \u00fcber das Netzwerk oder \u00fcber die Cloud m\u00f6glich, wodurch kleine und gro\u00dfe Unternehmen Zeit und Geld sparen und trotzdem jederzeit auf dem aktuellsten Stand bez\u00fcglich bestimmter Projekte bleiben.<\/p>\n<p>Um auch bei einer gro\u00dfen Vielzahl unterschiedlicher Projekte den \u00dcberblick zu wahren, bringt\u00a0Microsoft\u00a0Project\u00a0Professional 2019\u00a0ein verbessertes\u00a0Portfolio-Management\u00a0mit. Mit diesem Element des Programms erkennen Entscheider sofort, welche Projekte aktuell nach Plan verlaufen und wo es Bedarf f\u00fcr Nachbesserung gibt. Zeitpl\u00e4ne lassen sich im Auge behalten, eine\u00a0Budgetverwaltung\u00a0gew\u00e4hrt \u00dcbersicht \u00fcber die monet\u00e4ren Mittel und menschliche Ressourcen zu verwalten, wird durch diese Funktion noch einfacher. Die\u00a0Priorit\u00e4tensetzung\u00a0gibt Auskunft dar\u00fcber, ob die wichtigsten Projekte wie geplant voranschreiten oder ob der Projektleiter eingreifen sollte. Auch Erste Hilfe durch\u00a0Analysefunktionen\u00a0und entsprechende Handlungsanweisungen steht im\u00a0Portfolio-Management\u00a0bereit.<\/p>\n<p>Um Funktionen dieser Art auch in gr\u00f6\u00dferen Unternehmen und \u00fcber die Cloud zu verwalten, ist die Synchronisierung mit\u00a0Project\u00a0Online und\u00a0Project\u00a0Server m\u00f6glich. Teilnehmer eines Teams k\u00f6nnen dadurch neue Eintr\u00e4ge im Projekt sofort mit anderen Mitarbeitern synchronisieren und sind nicht darauf angewiesen, manuell t\u00e4tig zu werden. Zus\u00e4tzlich k\u00f6nnen Anwender von\u00a0Microsoft\u00a0Project\u00a0Professional 2019\u00a0Skype for Business direkt in das Programm integrieren. Damit sind Text- und\u00a0Videochats\u00a0oder die Pr\u00fcfung der Anwesenheit direkt aus der Software heraus m\u00f6glich, was die Zusammenarbeit an Projekten ebenfalls deutlich vereinfacht. Skype for Business,Project Server und Project Online sind keine enthaltenen Bestandteile und m\u00fcssen separat erworben werden.<\/p>\n<p>Finanzabteilungen\u00a0in Unternehmen k\u00f6nnen die Gehaltsabrechnungen f\u00fcr\u00a0Teammitglieder\u00a0an einer Aufgabe sowohl\u00a0projektbezogen\u00a0direkt innerhalb der Software berechnen als auch sonstige Aufw\u00e4nde festhalten. Mitarbeiter stellen au\u00dferdem rechtswirksame Rechnungen ebenfalls in\u00a0Microsoft\u00a0Project\u00a0Professional 2019\u00a0aus und erfassen geleistete Arbeit in\u00a0Zeittabellen, die durch Vorlagen bereitliegen. Somit ist\u00a0Project\u00a0Professional 2019 nicht nur ein Tool f\u00fcr die\u00a0Projektverwaltung. Die Software spielt auch bei der\u00a0Budgetierung\u00a0und Finanzierung von Aufgaben jeglicher Art eine Rolle, sofern dies gew\u00fcnscht ist. Die m\u00f6gliche Integration von Business\u00a0Intelligence-Software\u00a0erleichtert diesen Prozess zus\u00e4tzlich.<\/p>\n<p>Anwender, die vorher noch nicht mit Microsoft\u00a0Project\u00a0Professional in Kontakt gekommen sind, erleben die umfassenden Funktionen des Programms dennoch sofort &#8211; durch Vorlagen, die der Software beigef\u00fcgt sind und die das Erstellen auch komplexer Projekte innerhalb weniger Minuten erlauben. Diese Vorlagen lassen sich f\u00fcr eine sp\u00e4tere Nutzung in anderen Projekten editieren und speichern, sodass f\u00fcr die Erstellung von\u00a0Gesch\u00e4ftsberichten\u00a0\u00fcber die kommenden Jahre beispielsweise kein Neuanfang, sondern nur ein einfaches \u00c4ndern der Jahreszahl notwendig ist. Die allermeisten Funktionen des Vorg\u00e4ngers und auch bekannte Werkzeuge finden sich auch in der\u00a02019er-Version\u00a0wieder, was erfahrenen Anwendern den Umstieg auf die neueste Version erleichtert.<\/p>\n<p>Microsoft stellt diese Ausgabe von\u00a0Project\u00a0Professional nur f\u00fcr Nutzer von Windows 10 zur Verf\u00fcgung. Andere Betriebssysteme werden nicht unterst\u00fctzt. Es handelt sich um einen vollwertigen Produktschl\u00fcssel ohne\u00a0Abo-Kosten, die Nutzung ist also auch offline m\u00f6glich. Microsoft wird\u00a0Project\u00a0Professional in der\u00a02019er-Version\u00a0f\u00fcr mindestens f\u00fcnf Jahre mit allen in dieser Zeit erscheinenden Updates versorgen. Dies schlie\u00dft Sicherheits- und\u00a0Feature-Updates\u00a0ein.<\/p>\n","protected":false},"excerpt":{"rendered":"<p>Projekt- und Ressourcenverwaltung in Unternehmen mit Microsoft Project Professional 2019 Project\u00a0Professional in der\u00a02019er-Version\u00a0ist ein Werkzeug, das die gesamte Bandbreite des Projektmanagements \u00fcbernimmt. Projektleiter verwalten mit dieser Software Ressourcen wie Mitarbeiter, Zeit und Budget und behalten die \u00dcbersicht auch bei sehr vielen simultan laufenden Projekten. Zus\u00e4tzlich k\u00f6nnen Projekte beinahe unbegrenzt in ihrer Gr\u00f6\u00dfe sein: Von kleinen [&hellip;]<\/p>\n","protected":false},"featured_media":1836,"comment_status":"open","ping_status":"closed","template":"","meta":{"_acf_changed":false},"product_cat":[157],"product_tag":[],"acf":[],"jetpack_sharing_enabled":true,"_links":{"self":[{"href":"http:\/\/pc-direkthandel.de\/wordpress\/wp-json\/wp\/v2\/product\/1834"}],"collection":[{"href":"http:\/\/pc-direkthandel.de\/wordpress\/wp-json\/wp\/v2\/product"}],"about":[{"href":"http:\/\/pc-direkthandel.de\/wordpress\/wp-json\/wp\/v2\/types\/product"}],"replies":[{"embeddable":true,"href":"http:\/\/pc-direkthandel.de\/wordpress\/wp-json\/wp\/v2\/comments?post=1834"}],"wp:featuredmedia":[{"embeddable":true,"href":"http:\/\/pc-direkthandel.de\/wordpress\/wp-json\/wp\/v2\/media\/1836"}],"wp:attachment":[{"href":"http:\/\/pc-direkthandel.de\/wordpress\/wp-json\/wp\/v2\/media?parent=1834"}],"wp:term":[{"taxonomy":"product_cat","embeddable":true,"href":"http:\/\/pc-direkthandel.de\/wordpress\/wp-json\/wp\/v2\/product_cat?post=1834"},{"taxonomy":"product_tag","embeddable":true,"href":"http:\/\/pc-direkthandel.de\/wordpress\/wp-json\/wp\/v2\/product_tag?post=1834"}],"curies":[{"name":"wp","href":"https:\/\/api.w.org\/{rel}","templated":true}]}}