{"id":1805,"date":"2019-09-17T11:13:26","date_gmt":"2019-09-17T09:13:26","guid":{"rendered":"http:\/\/pc-direkthandel.de\/wordpress\/?post_type=product&#038;p=1805"},"modified":"2019-09-17T11:15:35","modified_gmt":"2019-09-17T09:15:35","slug":"microsoft-office-2016-home-student-esd-key-2","status":"publish","type":"product","link":"http:\/\/pc-direkthandel.de\/wordpress\/product\/microsoft-office-2016-home-student-esd-key-2\/","title":{"rendered":"Microsoft Office 2016 Home &#038; Student (ESD &#038; Key)"},"content":{"rendered":"<p>Microsoft Office Home and Student 2016 f\u00fcr Mac unterst\u00fctzt Sie optimal bei allen anfallenden Aufgaben in Schule, Studium, zu Hause und im B\u00fcro. Referate vorbereiten, Briefe verfassen, Haushaltsb\u00fccher und Zeitpl\u00e4ne erstellen oder einfach schnell eine Idee notieren ist mit der Office Suite ganz einfach. Die verschiedenen Programme helfen Ihnen bei der Umsetzung all Ihrer Vorhaben. Dabei ist Office Home and Student 2016 f\u00fcr Mac perfekt auf die Nutzung unter OS X abgestimmt und l\u00e4sst Sie alle Vorteile von Ihrem Mac weiterhin genie\u00dfen.<\/p>\n<p><strong>Office Anwendungen in Office Home &amp; Student 2016 Mac<\/strong><\/p>\n<p>F\u00fcr die Aufgaben, die Sie in Ihrem Alltag erledigen m\u00fcssen, ben\u00f6tigen Sie oft unterschiedliche Hilfsmittel. Mit dem Kauf von Microsoft Office Home and Student 2016 f\u00fcr Mac erhalten Sie die folgenden Programme:<\/p>\n<ul>\n<li>Word 2016 f\u00fcr die Texterstellung und -gestaltung<\/li>\n<li>Excel 2016 f\u00fcr die Tabellenkalkulation<\/li>\n<li>PowerPoint 2016 zum Erstellen von Pr\u00e4sentationen<\/li>\n<li>OneNote 2016 zum Festhalten und Bearbeiten von Notizen<\/li>\n<\/ul>\n<p>Mit dieser umfassenden B\u00fcrosoftware vom Microsoft wird ein gro\u00dfes Spektrum abgedeckt, sodass Sie f\u00fcr fast alle T\u00e4tigkeiten das passende Programm zur Hand haben werden.<\/p>\n<p><strong>Die Vorteile des Mac auch mit Office 2016 Home and Student nutzen<\/strong><\/p>\n<p>Als Mac-Nutzer m\u00fcssen Sie auch mit der Microsoft Office Suite nicht auf die Vorz\u00fcge Ihres Mac verzichten. Nutzen Sie die Multi-Touch-Gesten um ganz einfach in Dokumenten, Kalkulationstabellen und Pr\u00e4sentationen zu navigieren. Auch optisch kommen Sie mit Office Home and Student 2016 f\u00fcr Mac voll auf Ihre Kosten. Durch die Optimierung f\u00fcr Retina Displays werden Ihnen Texte und Grafiken auf Ihrem Mac sch\u00e4rfer denn je angezeigt. Die ist besonders von Vorteil, wenn Sie den Vollbildmodus nutzen. Ihre Dokumente k\u00f6nnen Sie mit Office Home and Student 2016 f\u00fcr Mac nat\u00fcrlich in den speziellen Mac-Formaten abspeichern.<\/p>\n<p><strong>Highlights in Microsoft Office Home and Student 2016<\/strong><\/p>\n<ul>\n<li>Optimiertes Men\u00fcband mit intuitiver Anordnung der Funktionen zur schnelleren Ausf\u00fchrung der gew\u00fcnschten Befehle.<\/li>\n<li>Einfacher Einstieg durch tausende Onlinevorlagen. Gestalten Sie Ihre Dokumente mit nur wenigen Klicks professionell, auch ohne Vorkenntnisse.<\/li>\n<li>Der Cloud-Service OneDrive erlaubt standortunabh\u00e4ngiges Arbeiten und macht Sie flexibler. Sie k\u00f6nnen von \u00fcberall auf Ihre Dokumente zugreifen, diese bearbeiten und teilen.<\/li>\n<li>Erstmals k\u00f6nnen Sie das digitale Notizbuch OneNote auch auf Ihrem Mac nutzen um Gedanken festzuhalten und mit anderen zu teilen.<\/li>\n<\/ul>\n<p><strong>Neue Funktionen in Excel, Word und PowerPoint<\/strong><\/p>\n<p>Die Option \u201eEmpfohlene Diagramme\u201c in Excel unterst\u00fctzt Sie bei der Auswahl der passenden Diagramme f\u00fcr Ihre Daten. Auch gro\u00dfe Datenmengen verarbeiten Sie in Office 2016 Home and Student durch PivotTable-Datenschnitte nun viel schneller, da die Auswertung durch die Erkennung von Mustern wesentlich vereinfacht wird. Mit dem verbesserten Formel-Generator erstellen Sie zudem ganz individuelle Formeln f\u00fcr Ihre Auswertungen.<\/p>\n<p>In Word erlaubt Ihnen die Funktion \u201eEinblicke\u201c direkt aus Dokumenten heraus \u00fcber Bing nach Informationen zu suchen. Die verbesserte Kommentarfunktion macht es Ihnen noch einfacher Dokumente gemeinsam mit anderen zu bearbeiten, das erleichtert zum Beispiel die Korrektur von Hausarbeiten. Die neue Registerkarte \u201eEntwurf\u201c gew\u00e4hrt Ihnen einen schnellen Zugriff auf Entwurfselemente und macht die Erstellung von Dokumenten einfacher als je zuvor.<\/p>\n<p>PowerPoint erm\u00f6glicht Ihnen mit der Referentenansicht w\u00e4hrend Ihrer Pr\u00e4sentation immer den \u00dcberblick zu behalten. Machen Sie sich Notizen, die nur Sie selbst sehen k\u00f6nnen, und lassen Sie sich eine Vorschau der n\u00e4chsten Folie anzeigen. Die Zuschauer sehen immer nur die aktuelle Folie der Pr\u00e4sentation. Durch die Einbindung von Animationen und die schnelle \u00c4nderung von Designs \u00fcber die Option \u201eDesignvarianten\u201c gestalten Sie Ihre Pr\u00e4sentation zudem optisch noch ansprechender.<\/p>\n<p><strong>Office bringt Sie in Schule, Studium und Beruf ans Ziel<\/strong><\/p>\n<p>Microsoft Office Home and Student 2016 f\u00fcr Mac l\u00e4sst Sie Dokumente und Pr\u00e4sentationen in professioneller Qualit\u00e4t anfertigen. Gl\u00e4nzen Sie in Schule, Studium und Beruf durch ansprechende Ergebnisse und nutzen Sie dabei die Vorteile von Office 2016 Home and Business und Mac OS X gleicherma\u00dfen.<\/p>\n","protected":false},"excerpt":{"rendered":"<p>Microsoft Office Home and Student 2016 f\u00fcr Mac unterst\u00fctzt Sie optimal bei allen anfallenden Aufgaben in Schule, Studium, zu Hause und im B\u00fcro. Referate vorbereiten, Briefe verfassen, Haushaltsb\u00fccher und Zeitpl\u00e4ne erstellen oder einfach schnell eine Idee notieren ist mit der Office Suite ganz einfach. Die verschiedenen Programme helfen Ihnen bei der Umsetzung all Ihrer Vorhaben. [&hellip;]<\/p>\n","protected":false},"featured_media":1806,"comment_status":"open","ping_status":"closed","template":"","meta":{"_acf_changed":false},"product_cat":[156],"product_tag":[],"acf":[],"jetpack_sharing_enabled":true,"_links":{"self":[{"href":"http:\/\/pc-direkthandel.de\/wordpress\/wp-json\/wp\/v2\/product\/1805"}],"collection":[{"href":"http:\/\/pc-direkthandel.de\/wordpress\/wp-json\/wp\/v2\/product"}],"about":[{"href":"http:\/\/pc-direkthandel.de\/wordpress\/wp-json\/wp\/v2\/types\/product"}],"replies":[{"embeddable":true,"href":"http:\/\/pc-direkthandel.de\/wordpress\/wp-json\/wp\/v2\/comments?post=1805"}],"wp:featuredmedia":[{"embeddable":true,"href":"http:\/\/pc-direkthandel.de\/wordpress\/wp-json\/wp\/v2\/media\/1806"}],"wp:attachment":[{"href":"http:\/\/pc-direkthandel.de\/wordpress\/wp-json\/wp\/v2\/media?parent=1805"}],"wp:term":[{"taxonomy":"product_cat","embeddable":true,"href":"http:\/\/pc-direkthandel.de\/wordpress\/wp-json\/wp\/v2\/product_cat?post=1805"},{"taxonomy":"product_tag","embeddable":true,"href":"http:\/\/pc-direkthandel.de\/wordpress\/wp-json\/wp\/v2\/product_tag?post=1805"}],"curies":[{"name":"wp","href":"https:\/\/api.w.org\/{rel}","templated":true}]}}