{"id":1799,"date":"2019-09-17T11:06:52","date_gmt":"2019-09-17T09:06:52","guid":{"rendered":"http:\/\/pc-direkthandel.de\/wordpress\/?post_type=product&#038;p=1799"},"modified":"2019-11-07T15:43:04","modified_gmt":"2019-11-07T13:43:04","slug":"microsoft-office-2016-home-business-esd-key","status":"publish","type":"product","link":"http:\/\/pc-direkthandel.de\/wordpress\/product\/microsoft-office-2016-home-business-esd-key\/","title":{"rendered":"Microsoft Office 2016 Home &#038; Business (ESD &#038; Key)"},"content":{"rendered":"<p>Mit Microsoft Office Home and Business 2016 verf\u00fcgen Sie \u00fcber die perfekte Grundlage um s\u00e4mtliche B\u00fcroarbeiten schnell und professionell zu erledigen. Sie erhalten die beliebten Office Anwendungen Word, Excel, PowerPoint, OneNote und Outlook in der neusten Version. Egal ob Sie Serienbriefe erstellen, Pr\u00e4sentationen entwerfen, Emails verwalten oder Termine im Blick behalten wollen, Office 2016 Home and Business wird Sie dabei effizient unterst\u00fctzen.<\/p>\n<p>Im Zentrum von Office Home and Business 2016 steht dabei die Vernetzung der Anwender mittels Cloud Service. Dateien k\u00f6nnen von \u00fcberall abgerufen, bearbeitet und geteilt werden. Die Office Anwendungen selbst sind darauf abgestimmt Sie bei der t\u00e4glichen Arbeit bestm\u00f6glich zu unterst\u00fctzen. Dies geschieht zum Beispiel durch effizientere Bearbeitungsm\u00f6glichkeiten und durch eine ausgefeilte Hilfefunktion. Auf den ersten Blick haben sich die einzelnen Programme zwar wenig ver\u00e4ndert, dennoch sind einige neue Funktionen hinzugef\u00fcgt worden.<\/p>\n<p><strong>Neue Features in Office Home &amp; Business 2016<\/strong><\/p>\n<ul>\n<li>Mit der Cloud vernetzen Sie sich mit anderen Nutzern, k\u00f6nnen gemeinsam auf Dateien zugreifen und sind r\u00e4umlich flexibel.<\/li>\n<li>Office Online synchronisiert sich mit dem OneDrive-Konto, so k\u00f6nnen Sie von \u00fcberall Ihre Fotos, Dokumente und andere Dateien einsehen und bearbeiten.<\/li>\n<li>Die Echtzeit-Vernetzung erm\u00f6glicht gleichzeitiges bearbeiten von Dokumenten.<\/li>\n<li>Mit den neuen Vorlagen von Word und Excel sowie den neuen PowerPoint-Vorlagen im Breitbildformat k\u00f6nnen Sie Ideen noch ansprechender pr\u00e4sentieren.<\/li>\n<li>In Excel mit nur einem Klick Trendberechnungen und Zeitreihenanalysen ansto\u00dfen.<\/li>\n<li>\u201eClutter\u201c sorgt daf\u00fcr, dass Ihr Outlook Postfach immer aufger\u00e4umt ist.<\/li>\n<li>Der \u201eTell Me\u201c Such-Assistent hilft Ihnen Funktionen innerhalb der Programme schneller zu finden.<\/li>\n<li>Die einzelnen Programme sind lernf\u00e4hig und analysieren Ihre Arbeitsweise anhand von regelm\u00e4\u00dfig wiederkehrenden Mustern.<\/li>\n<li>\u201eInsights\u201c ist mit der Microsoft Suchmaschine Bing verkn\u00fcpft und bietet die M\u00f6glichkeit Kontext-Informationen (z.B. Fotos, Wikipedia-Eintr\u00e4ge) direkt aus der Office-Anwendung heraus zu suchen.<\/li>\n<li>Augenschonendes Arbeiten erm\u00f6glichen die neuen, dunkleren Bildschirmhintergr\u00fcnde im \u201eBlack Theme\u201c.<\/li>\n<\/ul>\n<p><strong>Arbeiten in der Cloud OneDrive<\/strong><\/p>\n<p>Ein Schwerpunkt von Microsoft Office Home and Business 2016 liegt auf der Nutzung des Cloud Services OneDrive. Ihnen stehen 5 GB Speicherplatz zur Verf\u00fcgung, die Sie nach Belieben mit Fotos, Dokumenten, Musik und anderen Dateien f\u00fcllen k\u00f6nnen. Durch den vereinfachten Zugriff auf Ihre Daten, k\u00f6nnen sie diese von nahezu \u00fcberall \u00f6ffnen und bearbeiten. Das macht Sie mobil und flexibel. Au\u00dferdem k\u00f6nnen Sie \u00fcber die Cloud Inhalte f\u00fcr Freunden und Kollegen freigeben. Dies erm\u00f6glicht ein gemeinsames Arbeiten an Projekten. Durch die Echtzeit-Vernetzung k\u00f6nnen Sie dabei genau verfolgen, was gerade an welchem Dokument ver\u00e4ndert wird.<\/p>\n<p><strong>Nahtloser \u00dcbergang f\u00fcr Office 2013 Nutzer<\/strong><\/p>\n<p>Nutzer von Office 2013 werden sich in Microsoft Office 2016 Home and Business direkt zurecht finden. Augenscheinlich erkennt man kaum Neuerungen in den Programmen. Die Verbesserungen im neuen Office Paket dienen vor allem dem effizienteren Arbeiten und der Vernetzung von Nutzern untereinander. Deshalb hat Microsoft bewusst auf allzu viele neue Funktionen innerhalb der einzelnen Anwendungen verzichtet. Das schon vom Vorg\u00e4nger bekannte aufger\u00e4umte Design findet sich auch in Office 2016 Business wieder. Die benutzerfreundliche Oberfl\u00e4che bietet einen schnellen Zugriff auf alle Programme und Werkzeuge.<\/p>\n<p>Office Home and Business 2016 richtet sich an Unternehmen und \u00a0Privatanwender und bietet eine stabile Basis f\u00fcr die t\u00e4gliche Arbeit am PC. Die g\u00e4ngigen Office Anwendungen wie Word, Excel und PowerPoint unterst\u00fctzen Sie bei der Erledigung Ihrer Aufgaben.<\/p>\n","protected":false},"excerpt":{"rendered":"<p>Mit Microsoft Office Home and Business 2016 verf\u00fcgen Sie \u00fcber die perfekte Grundlage um s\u00e4mtliche B\u00fcroarbeiten schnell und professionell zu erledigen. Sie erhalten die beliebten Office Anwendungen Word, Excel, PowerPoint, OneNote und Outlook in der neusten Version. Egal ob Sie Serienbriefe erstellen, Pr\u00e4sentationen entwerfen, Emails verwalten oder Termine im Blick behalten wollen, Office 2016 Home [&hellip;]<\/p>\n","protected":false},"featured_media":1800,"comment_status":"open","ping_status":"closed","template":"","meta":{"_acf_changed":false},"product_cat":[155],"product_tag":[],"acf":[],"jetpack_sharing_enabled":true,"_links":{"self":[{"href":"http:\/\/pc-direkthandel.de\/wordpress\/wp-json\/wp\/v2\/product\/1799"}],"collection":[{"href":"http:\/\/pc-direkthandel.de\/wordpress\/wp-json\/wp\/v2\/product"}],"about":[{"href":"http:\/\/pc-direkthandel.de\/wordpress\/wp-json\/wp\/v2\/types\/product"}],"replies":[{"embeddable":true,"href":"http:\/\/pc-direkthandel.de\/wordpress\/wp-json\/wp\/v2\/comments?post=1799"}],"wp:featuredmedia":[{"embeddable":true,"href":"http:\/\/pc-direkthandel.de\/wordpress\/wp-json\/wp\/v2\/media\/1800"}],"wp:attachment":[{"href":"http:\/\/pc-direkthandel.de\/wordpress\/wp-json\/wp\/v2\/media?parent=1799"}],"wp:term":[{"taxonomy":"product_cat","embeddable":true,"href":"http:\/\/pc-direkthandel.de\/wordpress\/wp-json\/wp\/v2\/product_cat?post=1799"},{"taxonomy":"product_tag","embeddable":true,"href":"http:\/\/pc-direkthandel.de\/wordpress\/wp-json\/wp\/v2\/product_tag?post=1799"}],"curies":[{"name":"wp","href":"https:\/\/api.w.org\/{rel}","templated":true}]}}