{"id":1592,"date":"2019-09-16T15:31:17","date_gmt":"2019-09-16T13:31:17","guid":{"rendered":"http:\/\/pc-direkthandel.de\/wordpress\/?post_type=product&#038;p=1592"},"modified":"2019-09-16T15:35:10","modified_gmt":"2019-09-16T13:35:10","slug":"gaming-pc-amd-ryzen-5-2400g","status":"publish","type":"product","link":"http:\/\/pc-direkthandel.de\/wordpress\/product\/gaming-pc-amd-ryzen-5-2400g\/","title":{"rendered":"Gaming PC AMD Ryzen 5 2400G"},"content":{"rendered":"<p>Mit diesem Budget Gaming PC sind Sie in der Lage auch aktuelle Spiele mit mittleren Einstellungen fl\u00fcssig zu spielen. Mit dem Ultra schnellen 4-Kern Prozessor AMD Ryzen 5 2400G k\u00f6nnen m\u00fchelos selbst die anspruchsvollsten Programme und Spiele ausgef\u00fchrt werden. Die Taktrate der Ryzen CPU betr\u00e4gt 3600 MHz und kann m\u00fchelos auf bis zu 3900 MHz angehoben werden.<\/p>\n<p>Die brandneue AMD Ryzen 5 2400G CPU verf\u00fcgt au\u00dferdem \u00fcber eine integrierte AMD Vega 11 Grafik die in aktuellen Benchmarks deutlich st\u00e4rkere Leistung zeigte als \u00fcbliche Einsteiger Grafikkarten.<\/p>\n<p>Fl\u00fcsterleises System, egal ob Gaming, Bild-sowie Videobearbeitung oder Live-Streaming. Programme wie Adobe Lightroom oder Photoshop laufen hier blitzschnell. Wir verbauen zudem schnellen 2400 MHz Speicher von Crucial.<\/p>\n","protected":false},"excerpt":{"rendered":"<p>Mit diesem Budget Gaming PC sind Sie in der Lage auch aktuelle Spiele mit mittleren Einstellungen fl\u00fcssig zu spielen. Mit dem Ultra schnellen 4-Kern Prozessor AMD Ryzen 5 2400G k\u00f6nnen m\u00fchelos selbst die anspruchsvollsten Programme und Spiele ausgef\u00fchrt werden. Die Taktrate der Ryzen CPU betr\u00e4gt 3600 MHz und kann m\u00fchelos auf bis zu 3900 MHz [&hellip;]<\/p>\n","protected":false},"featured_media":1593,"comment_status":"open","ping_status":"closed","template":"","meta":{"_acf_changed":false},"product_cat":[141],"product_tag":[],"acf":[],"jetpack_sharing_enabled":true,"_links":{"self":[{"href":"http:\/\/pc-direkthandel.de\/wordpress\/wp-json\/wp\/v2\/product\/1592"}],"collection":[{"href":"http:\/\/pc-direkthandel.de\/wordpress\/wp-json\/wp\/v2\/product"}],"about":[{"href":"http:\/\/pc-direkthandel.de\/wordpress\/wp-json\/wp\/v2\/types\/product"}],"replies":[{"embeddable":true,"href":"http:\/\/pc-direkthandel.de\/wordpress\/wp-json\/wp\/v2\/comments?post=1592"}],"wp:featuredmedia":[{"embeddable":true,"href":"http:\/\/pc-direkthandel.de\/wordpress\/wp-json\/wp\/v2\/media\/1593"}],"wp:attachment":[{"href":"http:\/\/pc-direkthandel.de\/wordpress\/wp-json\/wp\/v2\/media?parent=1592"}],"wp:term":[{"taxonomy":"product_cat","embeddable":true,"href":"http:\/\/pc-direkthandel.de\/wordpress\/wp-json\/wp\/v2\/product_cat?post=1592"},{"taxonomy":"product_tag","embeddable":true,"href":"http:\/\/pc-direkthandel.de\/wordpress\/wp-json\/wp\/v2\/product_tag?post=1592"}],"curies":[{"name":"wp","href":"https:\/\/api.w.org\/{rel}","templated":true}]}}