{"id":1446,"date":"2019-09-15T20:29:34","date_gmt":"2019-09-15T18:29:34","guid":{"rendered":"http:\/\/pc-direkthandel.de\/wordpress\/?post_type=product&#038;p=1446"},"modified":"2019-09-15T20:31:34","modified_gmt":"2019-09-15T18:31:34","slug":"office-pc-intel-i7-9700k","status":"publish","type":"product","link":"http:\/\/pc-direkthandel.de\/wordpress\/product\/office-pc-intel-i7-9700k\/","title":{"rendered":"Office PC Intel i7-9700K"},"content":{"rendered":"<p>Dieser Memory:PC mit EightCore Power von Intel versorgt Sie mit allen n\u00f6tigen Geschwindigkeiten, die Sie im B\u00fcro oder Zuhause ben\u00f6tigen. Neben dem schnellen Prozessor, den 16 GB DDR4-RAM verf\u00fcgt dieses System noch \u00fcber zwei Festplatten (240 GB SSD plus 2000 GB S-ATA3), einem 24fach DVD Brenner, der internen Intel HD630 Grafikeinheit sowie das ASUS Prime Markenmainboard.<\/p>\n<p>Die allerneuesten Anschl\u00fcsse wie SATA3 und USB3.0 &#8211; aber auch Gigabit LAN &#8211; lassen keine W\u00fcnsche offen. Dieser ist ein kompletter Allrounder mit allen F\u00e4higkeiten die Sie brauchen. Fordern Sie ihn ruhig!<\/p>\n<p>Au\u00dferdem verf\u00fcgt das ASUS Mainboard \u00fcber einen zukunftsweisenden M.2 SSD Steckplatz. Hier k\u00f6nnen Sie SSD\u00b4s einbauen die bis zu aktuell 10x schneller sind als herk\u00f6mmliche SSD\u00b4s und bis zu ca. 20x schneller als herk\u00f6mmliche Festplatten. Entscheiden Sie sich f\u00fcr die neueste Prozessor-Generation von Intel. Coffee Lake setzt neue Ma\u00dfst\u00e4be in der Prozessorleistung sowie Grafikleistung.<\/p>\n<p>S\u00e4mtliche Systeme von Memory:PC werden von uns in Norddeutschland produziert. F\u00fcr unsere Systeme verwenden wir ausschlie\u00dflich hochwertige Komponenten von namenhaften Herstellern.<br \/>\nVor der Auslieferung durchl\u00e4uft jedes System einen aufwendigen Test, um die Lauff\u00e4higkeit des Systems sicherzustellen. Bei uns erhalten Sie keinen PC von der Stange &#8211; jedes System ist von Anfang bis Ende von unseren Mitarbeitern f\u00fcr Sie zusammengestellt und gefertigt.<\/p>\n","protected":false},"excerpt":{"rendered":"<p>Dieser Memory:PC mit EightCore Power von Intel versorgt Sie mit allen n\u00f6tigen Geschwindigkeiten, die Sie im B\u00fcro oder Zuhause ben\u00f6tigen. Neben dem schnellen Prozessor, den 16 GB DDR4-RAM verf\u00fcgt dieses System noch \u00fcber zwei Festplatten (240 GB SSD plus 2000 GB S-ATA3), einem 24fach DVD Brenner, der internen Intel HD630 Grafikeinheit sowie das ASUS Prime [&hellip;]<\/p>\n","protected":false},"featured_media":1447,"comment_status":"open","ping_status":"closed","template":"","meta":{"_acf_changed":false},"product_cat":[131],"product_tag":[],"acf":[],"jetpack_sharing_enabled":true,"_links":{"self":[{"href":"http:\/\/pc-direkthandel.de\/wordpress\/wp-json\/wp\/v2\/product\/1446"}],"collection":[{"href":"http:\/\/pc-direkthandel.de\/wordpress\/wp-json\/wp\/v2\/product"}],"about":[{"href":"http:\/\/pc-direkthandel.de\/wordpress\/wp-json\/wp\/v2\/types\/product"}],"replies":[{"embeddable":true,"href":"http:\/\/pc-direkthandel.de\/wordpress\/wp-json\/wp\/v2\/comments?post=1446"}],"wp:featuredmedia":[{"embeddable":true,"href":"http:\/\/pc-direkthandel.de\/wordpress\/wp-json\/wp\/v2\/media\/1447"}],"wp:attachment":[{"href":"http:\/\/pc-direkthandel.de\/wordpress\/wp-json\/wp\/v2\/media?parent=1446"}],"wp:term":[{"taxonomy":"product_cat","embeddable":true,"href":"http:\/\/pc-direkthandel.de\/wordpress\/wp-json\/wp\/v2\/product_cat?post=1446"},{"taxonomy":"product_tag","embeddable":true,"href":"http:\/\/pc-direkthandel.de\/wordpress\/wp-json\/wp\/v2\/product_tag?post=1446"}],"curies":[{"name":"wp","href":"https:\/\/api.w.org\/{rel}","templated":true}]}}