{"id":1340,"date":"2019-09-14T13:23:28","date_gmt":"2019-09-14T11:23:28","guid":{"rendered":"http:\/\/pc-direkthandel.de\/wordpress\/?post_type=product&#038;p=1340"},"modified":"2019-09-14T15:50:43","modified_gmt":"2019-09-14T13:50:43","slug":"office-pc-athlon-200g","status":"publish","type":"product","link":"http:\/\/pc-direkthandel.de\/wordpress\/product\/office-pc-athlon-200g\/","title":{"rendered":"Office PC Athlon 200G"},"content":{"rendered":"<p>Der Home &#038; Office PC vom deutschen Markenhersteller Memory PC\u00ae besteht aus einem AMD Athlon 200GE Prozessor mit 2x 3.20GHz, der auf einem MSI A320M Pro-M2 V2 Mainboard sitzt.<\/p>\n<p>Der Arbeitsspeicher des PC Systems betr\u00e4gt 4GB und damit ausreichend gro\u00df, um t\u00e4glich schnell und reibungslos mit dem PC zu arbeiten. Der integrierte Grafikchip leistet in der t\u00e4glichen PC Arbeit solide Leistungen. Und erlaubt auch das eine oder andere Spiel.<\/p>\n<p>Mit 1000GB hat die Festplatte mehr als genug Platz f\u00fcr Ihre Software und Daten, au\u00dferdem k\u00f6nnen Sie mit dem eingebauten DVD-Laufwerk DVDs in 24facher Geschwindigkeit brennen, um ihre Daten zus\u00e4tzlich zu sichern.<\/p>\n<p>Dieser Memory PC\u00ae hat au\u00dferdem Windows 10 Professional komplett vorinstalliert. Das bedeutet f\u00fcr Sie: Einschalten und gleich loslegen. Dabei verzichten wir komplett auf zus\u00e4tzliche Testversionen oder andere Werbesoftware. Sie erhalten einen sauber installierten Computer zum &#8222;Sofort-Los-Legen&#8220;.<\/p>\n<p>S\u00e4mtliche Systeme von Memory:PC werden von uns in Norddeutschland produziert. F\u00fcr unsere Systeme verwenden wir ausschlie\u00dflich hochwertige Komponenten von namenhaften Herstellern. Vor der Auslieferung durchl\u00e4uft jedes System einen aufwendigen Test, um die Lauff\u00e4higkeit des PC sicherzustellen.<\/p>\n<p>Bei uns erhalten Sie keinen Computer von der Stange &#8211; jedes System ist von Anfang bis Ende von unseren Mitarbeitern f\u00fcr Sie zusammengestellt und gefertigt.<\/p>\n<p>Nutzen Sie den Button &#8222;Konfigurieren &#038; Bestellen&#8220;, um das System nach ihren W\u00fcnschen anzupassen und zu bestellen.  <\/p>\n","protected":false},"excerpt":{"rendered":"<p>Der Home &#038; Office PC vom deutschen Markenhersteller Memory PC\u00ae besteht aus einem AMD Athlon 200GE Prozessor mit 2x 3.20GHz, der auf einem MSI A320M Pro-M2 V2 Mainboard sitzt. Der Arbeitsspeicher des PC Systems betr\u00e4gt 4GB und damit ausreichend gro\u00df, um t\u00e4glich schnell und reibungslos mit dem PC zu arbeiten. Der integrierte Grafikchip leistet in [&hellip;]<\/p>\n","protected":false},"featured_media":1341,"comment_status":"open","ping_status":"closed","template":"","meta":{"_acf_changed":false},"product_cat":[129],"product_tag":[],"acf":[],"jetpack_sharing_enabled":true,"_links":{"self":[{"href":"http:\/\/pc-direkthandel.de\/wordpress\/wp-json\/wp\/v2\/product\/1340"}],"collection":[{"href":"http:\/\/pc-direkthandel.de\/wordpress\/wp-json\/wp\/v2\/product"}],"about":[{"href":"http:\/\/pc-direkthandel.de\/wordpress\/wp-json\/wp\/v2\/types\/product"}],"replies":[{"embeddable":true,"href":"http:\/\/pc-direkthandel.de\/wordpress\/wp-json\/wp\/v2\/comments?post=1340"}],"wp:featuredmedia":[{"embeddable":true,"href":"http:\/\/pc-direkthandel.de\/wordpress\/wp-json\/wp\/v2\/media\/1341"}],"wp:attachment":[{"href":"http:\/\/pc-direkthandel.de\/wordpress\/wp-json\/wp\/v2\/media?parent=1340"}],"wp:term":[{"taxonomy":"product_cat","embeddable":true,"href":"http:\/\/pc-direkthandel.de\/wordpress\/wp-json\/wp\/v2\/product_cat?post=1340"},{"taxonomy":"product_tag","embeddable":true,"href":"http:\/\/pc-direkthandel.de\/wordpress\/wp-json\/wp\/v2\/product_tag?post=1340"}],"curies":[{"name":"wp","href":"https:\/\/api.w.org\/{rel}","templated":true}]}}