{"id":1313,"date":"2019-09-14T12:09:54","date_gmt":"2019-09-14T10:09:54","guid":{"rendered":"http:\/\/pc-direkthandel.de\/wordpress\/?post_type=product&#038;p=1313"},"modified":"2019-09-14T15:52:57","modified_gmt":"2019-09-14T13:52:57","slug":"office-pc-intel-g5400","status":"publish","type":"product","link":"http:\/\/pc-direkthandel.de\/wordpress\/product\/office-pc-intel-g5400\/","title":{"rendered":"Office PC Intel G5400"},"content":{"rendered":"<p>Unser Memory:PC G5400 \u00fcberzeugt durch perfekt aufeinander abgestimmte Markenkomponenten. Mit dem ultra schnellen und brandneuen 2-Kern Prozessor Intel Pentium G5400 k\u00f6nnen m\u00fchelos selbst die anspruchsvollsten Programme und sogar Bild- und Videobearbeitung ohne Kompromisse ausgef\u00fchrt werden.<\/p>\n<p>Mit Dual Core Power versorgt Sie mit allen n\u00f6tigen Geschwindigkeiten die Sie im B\u00fcro oder Zuhause ben\u00f6tigen.<\/p>\n<p>S\u00e4mtliche Systeme von Memory:PC werden von uns in Norddeutschland produziert. F\u00fcr unsere Systeme verwenden wir ausschlie\u00dflich hochwertige Komponenten von namenhaften Herstellern. Vor der Auslieferung durchl\u00e4uft jedes System einen aufwendigen Test, um die Lauff\u00e4higkeit des PC sicherzustellen.<\/p>\n<p>Bei uns erhalten Sie keinen Computer von der Stange &#8211; jedes System ist von Anfang bis Ende von unseren Mitarbeitern f\u00fcr Sie zusammengestellt und gefertigt. <\/p>\n","protected":false},"excerpt":{"rendered":"<p>Unser Memory:PC G5400 \u00fcberzeugt durch perfekt aufeinander abgestimmte Markenkomponenten. Mit dem ultra schnellen und brandneuen 2-Kern Prozessor Intel Pentium G5400 k\u00f6nnen m\u00fchelos selbst die anspruchsvollsten Programme und sogar Bild- und Videobearbeitung ohne Kompromisse ausgef\u00fchrt werden. Mit Dual Core Power versorgt Sie mit allen n\u00f6tigen Geschwindigkeiten die Sie im B\u00fcro oder Zuhause ben\u00f6tigen. S\u00e4mtliche Systeme von [&hellip;]<\/p>\n","protected":false},"featured_media":1314,"comment_status":"open","ping_status":"closed","template":"","meta":{"_acf_changed":false},"product_cat":[128],"product_tag":[],"acf":[],"jetpack_sharing_enabled":true,"_links":{"self":[{"href":"http:\/\/pc-direkthandel.de\/wordpress\/wp-json\/wp\/v2\/product\/1313"}],"collection":[{"href":"http:\/\/pc-direkthandel.de\/wordpress\/wp-json\/wp\/v2\/product"}],"about":[{"href":"http:\/\/pc-direkthandel.de\/wordpress\/wp-json\/wp\/v2\/types\/product"}],"replies":[{"embeddable":true,"href":"http:\/\/pc-direkthandel.de\/wordpress\/wp-json\/wp\/v2\/comments?post=1313"}],"wp:featuredmedia":[{"embeddable":true,"href":"http:\/\/pc-direkthandel.de\/wordpress\/wp-json\/wp\/v2\/media\/1314"}],"wp:attachment":[{"href":"http:\/\/pc-direkthandel.de\/wordpress\/wp-json\/wp\/v2\/media?parent=1313"}],"wp:term":[{"taxonomy":"product_cat","embeddable":true,"href":"http:\/\/pc-direkthandel.de\/wordpress\/wp-json\/wp\/v2\/product_cat?post=1313"},{"taxonomy":"product_tag","embeddable":true,"href":"http:\/\/pc-direkthandel.de\/wordpress\/wp-json\/wp\/v2\/product_tag?post=1313"}],"curies":[{"name":"wp","href":"https:\/\/api.w.org\/{rel}","templated":true}]}}