{"id":1288,"date":"2019-09-13T18:11:21","date_gmt":"2019-09-13T16:11:21","guid":{"rendered":"http:\/\/pc-direkthandel.de\/wordpress\/?post_type=product&#038;p=1288"},"modified":"2019-09-14T15:53:30","modified_gmt":"2019-09-14T13:53:30","slug":"office-pc-a8-9600","status":"publish","type":"product","link":"http:\/\/pc-direkthandel.de\/wordpress\/product\/office-pc-a8-9600\/","title":{"rendered":"Office PC A8-9600"},"content":{"rendered":"<p>Dieses Memory:PC System ist ein leistungsstarkes Office und Internet Talent mit einem AMD A8-9600 Prozessor mit einer 4x 3,1 GHz Taktung, schnellem 8GB DDR4 Speicher, einem 24fach Mult-DVD Brenner, sowie einer 240 GB SSD Festplatte.<\/p>\n<p>Mit diesem System k\u00f6nnen Sie nicht nur alle g\u00e4ngigen Home &#038; Office Anwendungen nutzen, sondern auch ohne Probleme Musik h\u00f6ren oder Videos streamen. Auch beim Spielen beliebter Games werden der Onboard Grafik AMD RAdeon R7 nicht zu schnell die Grenzen aufgezeigt.<\/p>\n<p>Der Memory PC mit voller QuadCore Power versorgt Sie mit allen n\u00f6tigen Geschwindigkeiten die Sie im B\u00fcro oder Zuhause ben\u00f6tigen. Die allerneuesten Anschl\u00fcsse wie SATA3 und USB3.0 aber auch Gigabit LAN lassen keine W\u00fcnsche offen.<\/p>\n<p>S\u00e4mtliche Systeme von Memory:PC werden von uns in Norddeutschland produziert. F\u00fcr unsere Systeme verwenden wir ausschlie\u00dflich hochwertige Komponenten von namenhaften Herstellern.<\/p>\n<p>Vor der Auslieferung durchl\u00e4uft jedes System einen aufwendigen Test, um die Lauff\u00e4higkeit des Systems sicherzustellen.<\/p>\n<p>Bei uns erhalten Sie keinen PC von der Stange &#8211; jedes System ist von Anfang bis Ende von unseren Mitarbeitern f\u00fcr Sie zusammengestellt und gefertigt. <\/p>\n","protected":false},"excerpt":{"rendered":"<p>Dieses Memory:PC System ist ein leistungsstarkes Office und Internet Talent mit einem AMD A8-9600 Prozessor mit einer 4x 3,1 GHz Taktung, schnellem 8GB DDR4 Speicher, einem 24fach Mult-DVD Brenner, sowie einer 240 GB SSD Festplatte. Mit diesem System k\u00f6nnen Sie nicht nur alle g\u00e4ngigen Home &#038; Office Anwendungen nutzen, sondern auch ohne Probleme Musik h\u00f6ren [&hellip;]<\/p>\n","protected":false},"featured_media":1295,"comment_status":"open","ping_status":"closed","template":"","meta":{"_acf_changed":false},"product_cat":[128],"product_tag":[],"acf":[],"jetpack_sharing_enabled":true,"_links":{"self":[{"href":"http:\/\/pc-direkthandel.de\/wordpress\/wp-json\/wp\/v2\/product\/1288"}],"collection":[{"href":"http:\/\/pc-direkthandel.de\/wordpress\/wp-json\/wp\/v2\/product"}],"about":[{"href":"http:\/\/pc-direkthandel.de\/wordpress\/wp-json\/wp\/v2\/types\/product"}],"replies":[{"embeddable":true,"href":"http:\/\/pc-direkthandel.de\/wordpress\/wp-json\/wp\/v2\/comments?post=1288"}],"wp:featuredmedia":[{"embeddable":true,"href":"http:\/\/pc-direkthandel.de\/wordpress\/wp-json\/wp\/v2\/media\/1295"}],"wp:attachment":[{"href":"http:\/\/pc-direkthandel.de\/wordpress\/wp-json\/wp\/v2\/media?parent=1288"}],"wp:term":[{"taxonomy":"product_cat","embeddable":true,"href":"http:\/\/pc-direkthandel.de\/wordpress\/wp-json\/wp\/v2\/product_cat?post=1288"},{"taxonomy":"product_tag","embeddable":true,"href":"http:\/\/pc-direkthandel.de\/wordpress\/wp-json\/wp\/v2\/product_tag?post=1288"}],"curies":[{"name":"wp","href":"https:\/\/api.w.org\/{rel}","templated":true}]}}