{"id":6912,"date":"2019-11-22T17:35:09","date_gmt":"2019-11-22T15:35:09","guid":{"rendered":"http:\/\/pc-direkthandel.de\/wordpress\/?page_id=6912"},"modified":"2019-11-23T17:23:28","modified_gmt":"2019-11-23T15:23:28","slug":"prozessoren","status":"publish","type":"page","link":"http:\/\/pc-direkthandel.de\/wordpress\/hardware\/pc-komponenten\/prozessoren\/","title":{"rendered":"Prozessoren"},"content":{"rendered":"<h2>Hohe Leistung f\u00fcr Arbeit und Freizeit mit aktuellen CPUs<\/h2>\n<p>Der CPU als Herzst\u00fcck Ihres PCs sollten Sie besondere Aufmerksamkeit zukommen lassen. Bei Cyberport finden Sie\u00a0<b>aktuelle High-End-Prozessoren<\/b>\u00a0von Intel und AMD. Mit diesen CPUs machen Sie garantiert keinen Fehler: Von stromsparenden Modellen f\u00fcr einfache Einsatzzwecke bis hin zu Core i7-Modellen, die f\u00fcr die Arbeit und auch Spiele extreme Performance bieten, stellt Sie jeder Prozessor im Sortiment garantiert zufrieden.<\/p>\n<h2>Die richtige CPU f\u00fcr Ihren PC<\/h2>\n<p>Ohne die passende Hardware macht die Arbeit an einem Computer keinen Spa\u00df &#8211; und der Prozessor ist das wichtigste Bauteil. Rechenintensive Aufgaben wie die Bildbearbeitung oder die Umwandlung von Videomaterial profitieren enorm von modernen Prozessoren von Intel und AMD mit Skylake-Architektur oder vergleichbaren Kernen. Entscheiden Sie sich zwischen\u00a0<b>Modellen mit zwei bis acht Kernen<\/b> und treffen Sie dadurch hinsichtlich des Preis-Leistungs-Verh\u00e4ltnisses die ideale Wahl &#8211; denn nat\u00fcrlich braucht nicht jeder Anwender brachiale Leistung im PC. Kaufen Sie einfach diejenigen Prozessoren, die zu Ihrem Mainboard passen und Ihre Anforderungen zufriedenstellen.<\/p>\n<h2>Hardware f\u00fcr Spieler<\/h2>\n<p>Gerade im Gamingbereich gibt es &#8222;genug Leistung&#8220; nicht: CPUs wie ein Core i7 mit Skylake-Kern kombinieren einen\u00a0<b>niedrigen Verbrauch mit einer h\u00f6chstm\u00f6glichen Leistung<\/b>\u00a0auf dem Desktop. Mit einem Prozessor dieser Art spielen Sie die aktuellsten Games und erleben auch in rechenintensiven Szenen &#8211; wie vielleicht bei physikalischen Berechnungen oder zahlreichen computergesteuerten Charakteren auf kleinem Raum &#8211; keine Einbr\u00fcche der Framerate. Zus\u00e4tzlich beschleunigen Sie Ladezeiten deutlich und k\u00f6nnen sich schneller wieder ins Spiel st\u00fcrzen. Statten Sie Ihr Geh\u00e4use gleichzeitig vielleicht mit einer Wasserk\u00fchlung aus und Sie kombinieren extreme Leistungsreserven Ihrer Hardware mit einer\u00a0<b>fl\u00fcsterleisen K\u00fchlung<\/b>.<\/p>\n<h2>Hohe Leistung ohne hohe Ausgaben<\/h2>\n<p>Ein Core i7 oder ein vergleichbares Modell ist nicht zwangsl\u00e4ufig die beste Entscheidung. Gerade die Prozessoren von AMD\u00fcberzeugen durch ein\u00a0<b>vorbildliches Preis-Leistungs-Verh\u00e4ltnis<\/b>. Suchen Sie eine preiswerte und dennoch leistungsstarke CPU, m\u00fcssen Sie sich daher nicht zwingend bei Intel umsehen, sondern sollten auch die Konkurrenz von AMD im Auge behalten. F\u00fcr die allermeisten Aufgaben &#8211; Office-Applikationen, YouTube und soziale Netzwerke, der Umgang mit E-Mails, einfache Bild- und Videobearbeitung und auch aktuellste Spiele &#8211; reichen diese CPUs problemlos aus. Gerade dann, wenn andere Komponenten &#8211; wie der Arbeitsspeicher und die Grafikkarte &#8211; ohnehin einem hohen Standard entsprechend, machen Sie weder mit Intel noch AMD einen Fehler.<\/p>\n<h2>Das langlebigste Upgrade: die CPU!<\/h2>\n<p>Mit kaum einer anderen Komponente in aktuellen Computern haben Sie so lange Spa\u00df wie mit der CPU. Selbst ein Prozessor, der mehrere Jahre alt ist, bietet heute noch immer gen\u00fcgend Leistungsreservern &#8211; und das wird sich auch in naher Zukunft nicht \u00e4ndern. Au\u00dferdem ist diese Hardware die\u00a0<b>beste Investition f\u00fcr die allgemeine Leistungsf\u00e4higkeit<\/b>: Ein aktueller Core i7 beispielsweise beschleunigt vom Start des Betriebssystems \u00fcber den Programmstart und die Arbeit bis zu Ladezeiten wirklich alles, was in Ihrem Computer vor sich geht. Prozessoren von Intel oder AMD sind daher immer ein sinnvolles Upgrade, w\u00e4hrend eine Grafikkarte nur einem sehr speziellen Einsatzzweck dient. CPUs sind einfach Allesk\u00f6nner!<\/p>\n","protected":false},"excerpt":{"rendered":"<p>Hohe Leistung f\u00fcr Arbeit und Freizeit mit aktuellen CPUs Der CPU als Herzst\u00fcck Ihres PCs sollten Sie besondere Aufmerksamkeit zukommen lassen. Bei Cyberport finden Sie\u00a0aktuelle High-End-Prozessoren\u00a0von Intel und AMD. Mit diesen CPUs machen Sie garantiert keinen Fehler: Von stromsparenden Modellen f\u00fcr einfache Einsatzzwecke bis hin zu Core i7-Modellen, die f\u00fcr die Arbeit und auch Spiele [&hellip;]<\/p>\n","protected":false},"author":1,"featured_media":0,"parent":1000,"menu_order":0,"comment_status":"closed","ping_status":"closed","template":"","meta":{"_acf_changed":false,"footnotes":""},"acf":[],"jetpack_sharing_enabled":true,"_links":{"self":[{"href":"http:\/\/pc-direkthandel.de\/wordpress\/wp-json\/wp\/v2\/pages\/6912"}],"collection":[{"href":"http:\/\/pc-direkthandel.de\/wordpress\/wp-json\/wp\/v2\/pages"}],"about":[{"href":"http:\/\/pc-direkthandel.de\/wordpress\/wp-json\/wp\/v2\/types\/page"}],"author":[{"embeddable":true,"href":"http:\/\/pc-direkthandel.de\/wordpress\/wp-json\/wp\/v2\/users\/1"}],"replies":[{"embeddable":true,"href":"http:\/\/pc-direkthandel.de\/wordpress\/wp-json\/wp\/v2\/comments?post=6912"}],"version-history":[{"count":4,"href":"http:\/\/pc-direkthandel.de\/wordpress\/wp-json\/wp\/v2\/pages\/6912\/revisions"}],"predecessor-version":[{"id":7018,"href":"http:\/\/pc-direkthandel.de\/wordpress\/wp-json\/wp\/v2\/pages\/6912\/revisions\/7018"}],"up":[{"embeddable":true,"href":"http:\/\/pc-direkthandel.de\/wordpress\/wp-json\/wp\/v2\/pages\/1000"}],"wp:attachment":[{"href":"http:\/\/pc-direkthandel.de\/wordpress\/wp-json\/wp\/v2\/media?parent=6912"}],"curies":[{"name":"wp","href":"https:\/\/api.w.org\/{rel}","templated":true}]}}