{"id":1658,"date":"2019-09-16T17:56:28","date_gmt":"2019-09-16T15:56:28","guid":{"rendered":"http:\/\/pc-direkthandel.de\/wordpress\/?page_id=1658"},"modified":"2019-10-23T13:58:31","modified_gmt":"2019-10-23T11:58:31","slug":"pietsmiet","status":"publish","type":"page","link":"http:\/\/pc-direkthandel.de\/wordpress\/hardware\/pc-systeme\/gaming-pcs\/one-de\/pietsmiet\/","title":{"rendered":"PietSmiet"},"content":{"rendered":"<div class=\"wpb-content-wrapper\"><p>[vc_row][vc_column][vc_single_image image=&#8220;1659&#8243; img_size=&#8220;full&#8220; alignment=&#8220;center&#8220;][vc_single_image image=&#8220;1660&#8243; img_size=&#8220;full&#8220; alignment=&#8220;center&#8220;][vc_column_text]Let\u2019s Play f\u00fcr jeden \u2013 das ist das Motto der 5 spieleverr\u00fcckten Jungs von PietSmiet. Kurzer Hand wurden die allabendlichen Zockersessions aufgezeichnet und auf YouTube hochgeladen. Somit war der Kanal \u201ePietSmiet\u201c geboren, der heute zu den gr\u00f6\u00dften Let\u2019s Play- und auch YouTube-Kan\u00e4len z\u00e4hlt. Mit dem wachsenden Erfolg der Let\u2019s Player von PietSmiet stiegen auch die Erwartungen an die Technik-Ausr\u00fcstung. Auch die Community war hei\u00df darauf immer auf dem neusten Stand zu sein und so entstand erstmals die Idee, eigene Systeme auf den Markt zu bringen.[\/vc_column_text]<div id=\"ultimate-video-78569e08a583800d\" class=\"ult-video  ult-adjust-bottom-margin ultimate-video-78569e08a583800d ultv-3709 \"><div class=\"ultv-video ultv-aspect-ratio-16_9 ultv-subscribe-responsive-none\" data-videotype=\"uv_iframe\">\n\t\t\t\t\t\t<div class=\"ultv-video__outer-wrap\" data-autoplay=\"0\" data-device=\"false\"  data-iconbg=\"#3A3A3A\" data-overcolor=\"\" data-defaultbg=\"#1f1f1e\" data-defaultplay=\"defaulticon\"><div class=\"ultv-video__play\" data-src=\"https:\/\/www.youtube.com\/embed\/rjZ_YQ-XRKM?rel=0&amp;start&amp;end&amp;controls=1&amp;mute=0&amp;modestbranding=0&amp;autoplay=1\">\n\t\t\t\t\t\t\t\t<img decoding=\"async\" class=\"ultv-video__thumb\" src=\"https:\/\/i0.wp.com\/i.ytimg.com\/vi\/rjZ_YQ-XRKM\/maxresdefault.jpg?ssl=1\" data-recalc-dims=\"1\"\/>\n\t\t\t\t\t\t\t\t<div class=\"ultv-video__play-icon  ultv-animation-none\" style=\"width:75px\"><svg height=\"100%\" version=\"1.1\" viewBox=\"0 0 68 48\" width=\"100%\"><path class=\"ultv-youtube-icon-bg\" d=\"m .66,37.62 c 0,0 .66,4.70 2.70,6.77 2.58,2.71 5.98,2.63 7.49,2.91 5.43,.52 23.10,.68 23.12,.68 .00,-1.3e-5 14.29,-0.02 23.81,-0.71 1.32,-0.15 4.22,-0.17 6.81,-2.89 2.03,-2.07 2.70,-6.77 2.70,-6.77 0,0 .67,-5.52 .67,-11.04 l 0,-5.17 c 0,-5.52 -0.67,-11.04 -0.67,-11.04 0,0 -0.66,-4.70 -2.70,-6.77 C 62.03,.86 59.13,.84 57.80,.69 48.28,0 34.00,0 34.00,0 33.97,0 19.69,0 10.18,.69 8.85,.84 5.95,.86 3.36,3.58 1.32,5.65 .66,10.35 .66,10.35 c 0,0 -0.55,4.50 -0.66,9.45 l 0,8.36 c .10,4.94 .66,9.45 .66,9.45 z\" fill=\"#1f1f1e\" ><\/path><path d=\"m 26.96,13.67 18.37,9.62 -18.37,9.55 -0.00,-19.17 z\" fill=\"#fff\"><\/path><path d=\"M 45.02,23.46 45.32,23.28 26.96,13.67 43.32,22.34 45.02,23.46 z\" fill=\"#ccc\"><\/path><\/svg><\/div> <\/div> <\/div><\/div><\/div>[vc_column_text]<\/p>\n<div id=\"ingbgpc\">\n<h2 id=\"ingtitelpc\">PIETSMIET KONFIGURIERBARE GAMING PC SYSTEME<\/h2>\n<p class=\"ingfliesstextpc\">PietSmiet will mehr als nur spielen und das spiegeln auch die unglaublichen hei\u00dfen Systeme der Jungs wieder. Perfekt abgestimmt und nur mit den besten Komponenten wie den MSI Mainboards und Grafikkarten versehen, machen sie jedem Gamer Feuer unterm Arsch. Von der perfekten Grundausstattung des Litte Jays, bis hin zum Ultra Penetrator System, welches alles und jeden platt macht \u2013 ist so ziemlich alles dabei.<\/p>\n<\/div>\n<p>[\/vc_column_text][\/vc_column][\/vc_row][vc_row][vc_column]<div class=\"woocommerce columns-3 \"><ul class=\"products columns-3\">\n<li class=\"product type-product post-2413 status-publish first instock product_cat-pietsmiet product_cat-ryzen has-post-thumbnail sale shipping-taxable product-type-external\">\n\t<a href=\"http:\/\/pc-direkthandel.de\/wordpress\/product\/one-gaming-pc-high-end-elite-an01\/\" class=\"woocommerce-LoopProduct-link woocommerce-loop-product__link\">\t\t<div class=\"shopkit-loop-image\">\n\t\t\t<div class=\"shopkit-loop-image-inner\">\n\n\t<span class=\"onsale\">Angebot!<\/span>\n\t<img loading=\"lazy\" decoding=\"async\" width=\"200\" height=\"200\" src=\"https:\/\/i0.wp.com\/pc-direkthandel.de\/wordpress\/wp-content\/uploads\/2019\/09\/24139_01_mS5uTHgE34ghH2_200x200.jpg?resize=200%2C200\" class=\"attachment-woocommerce_thumbnail size-woocommerce_thumbnail\" alt=\"\" srcset=\"https:\/\/i0.wp.com\/pc-direkthandel.de\/wordpress\/wp-content\/uploads\/2019\/09\/24139_01_mS5uTHgE34ghH2_200x200.jpg?w=200 200w, https:\/\/i0.wp.com\/pc-direkthandel.de\/wordpress\/wp-content\/uploads\/2019\/09\/24139_01_mS5uTHgE34ghH2_200x200.jpg?resize=150%2C150 150w, https:\/\/i0.wp.com\/pc-direkthandel.de\/wordpress\/wp-content\/uploads\/2019\/09\/24139_01_mS5uTHgE34ghH2_200x200.jpg?resize=100%2C100 100w\" sizes=\"(max-width: 200px) 100vw, 200px\" \/>\t\t\t<\/div>\n<span data-quickview-id=\"2413\" class=\"shopkit-quickview-button\"><\/span>\t\t<\/div>\n<h2 class=\"woocommerce-loop-product__title\">ONE GAMING PC High End Elite AN01<\/h2>\n\t<span class=\"price\"><del aria-hidden=\"true\"><span class=\"woocommerce-Price-amount amount\"><bdi><span class=\"woocommerce-Price-currencySymbol\">&euro;<\/span>1.499,99<\/bdi><\/span><\/del> <span class=\"screen-reader-text\">Urspr\u00fcnglicher Preis war: &euro;1.499,99<\/span><ins aria-hidden=\"true\"><span class=\"woocommerce-Price-amount amount\"><bdi><span class=\"woocommerce-Price-currencySymbol\">&euro;<\/span>1.399,99<\/bdi><\/span><\/ins><span class=\"screen-reader-text\">Aktueller Preis ist: &euro;1.399,99.<\/span><\/span>\n<\/a><a href=\"https:\/\/www1.belboon.de\/adtracking\/001f9a0023ab028085004154.html\/&#038;deeplink=https:\/\/www.one.de\/one-gaming-pc-high-end-elite-an01-frei-konfigurieren-online-bestellen-amd-nvidia?ref=BELBOON\" data-quantity=\"1\" class=\"button product_type_external\" data-product_id=\"2413\" data-product_sku=\"24139\" aria-label=\"&#8222;ONE GAMING PC High End Elite AN01&#8220; kaufen\" aria-describedby=\"\" rel=\"nofollow\">Produkt kaufen<\/a><\/li>\n<li class=\"product type-product post-2451 status-publish instock product_cat-pietsmiet product_cat-ryzen has-post-thumbnail shipping-taxable product-type-external\">\n\t<a href=\"http:\/\/pc-direkthandel.de\/wordpress\/product\/one-gaming-pc-high-end-elite-an03\/\" class=\"woocommerce-LoopProduct-link woocommerce-loop-product__link\">\t\t<div class=\"shopkit-loop-image\">\n\t\t\t<div class=\"shopkit-loop-image-inner\">\n<img loading=\"lazy\" decoding=\"async\" width=\"200\" height=\"200\" src=\"https:\/\/i0.wp.com\/pc-direkthandel.de\/wordpress\/wp-content\/uploads\/2019\/09\/24197_01_mOgvBvAthwHoaE_200x200.jpg?resize=200%2C200\" class=\"attachment-woocommerce_thumbnail size-woocommerce_thumbnail\" alt=\"\" srcset=\"https:\/\/i0.wp.com\/pc-direkthandel.de\/wordpress\/wp-content\/uploads\/2019\/09\/24197_01_mOgvBvAthwHoaE_200x200.jpg?w=200 200w, https:\/\/i0.wp.com\/pc-direkthandel.de\/wordpress\/wp-content\/uploads\/2019\/09\/24197_01_mOgvBvAthwHoaE_200x200.jpg?resize=150%2C150 150w, https:\/\/i0.wp.com\/pc-direkthandel.de\/wordpress\/wp-content\/uploads\/2019\/09\/24197_01_mOgvBvAthwHoaE_200x200.jpg?resize=100%2C100 100w\" sizes=\"(max-width: 200px) 100vw, 200px\" \/>\t\t\t<\/div>\n<span data-quickview-id=\"2451\" class=\"shopkit-quickview-button\"><\/span>\t\t<\/div>\n<h2 class=\"woocommerce-loop-product__title\">ONE GAMING PC High End Elite AN03<\/h2>\n\t<span class=\"price\"><span class=\"woocommerce-Price-amount amount\"><bdi><span class=\"woocommerce-Price-currencySymbol\">&euro;<\/span>2.699,99<\/bdi><\/span><\/span>\n<\/a><a href=\"https:\/\/www1.belboon.de\/adtracking\/001f9a0023ab028085004154.html\/&#038;deeplink=https:\/\/www.one.de\/one-gaming-pc-high-end-elite-an03-frei-anpassen-online-bestellen-amd-nvidia?ref=BELBOON\" data-quantity=\"1\" class=\"button product_type_external\" data-product_id=\"2451\" data-product_sku=\"24197\" aria-label=\"&#8222;ONE GAMING PC High End Elite AN03&#8220; kaufen\" aria-describedby=\"\" rel=\"nofollow\">Produkt kaufen<\/a><\/li>\n<li class=\"product type-product post-2449 status-publish last instock product_cat-pietsmiet product_cat-ryzen has-post-thumbnail sale shipping-taxable product-type-external\">\n\t<a href=\"http:\/\/pc-direkthandel.de\/wordpress\/product\/one-gaming-pc-high-end-elite-an04\/\" class=\"woocommerce-LoopProduct-link woocommerce-loop-product__link\">\t\t<div class=\"shopkit-loop-image\">\n\t\t\t<div class=\"shopkit-loop-image-inner\">\n\n\t<span class=\"onsale\">Angebot!<\/span>\n\t<img loading=\"lazy\" decoding=\"async\" width=\"200\" height=\"200\" src=\"https:\/\/i0.wp.com\/pc-direkthandel.de\/wordpress\/wp-content\/uploads\/2019\/09\/24198_01_mLwzhdEcPQmJhw_200x200.jpg?resize=200%2C200\" class=\"attachment-woocommerce_thumbnail size-woocommerce_thumbnail\" alt=\"\" srcset=\"https:\/\/i0.wp.com\/pc-direkthandel.de\/wordpress\/wp-content\/uploads\/2019\/09\/24198_01_mLwzhdEcPQmJhw_200x200.jpg?w=200 200w, https:\/\/i0.wp.com\/pc-direkthandel.de\/wordpress\/wp-content\/uploads\/2019\/09\/24198_01_mLwzhdEcPQmJhw_200x200.jpg?resize=150%2C150 150w, https:\/\/i0.wp.com\/pc-direkthandel.de\/wordpress\/wp-content\/uploads\/2019\/09\/24198_01_mLwzhdEcPQmJhw_200x200.jpg?resize=100%2C100 100w\" sizes=\"(max-width: 200px) 100vw, 200px\" \/>\t\t\t<\/div>\n<span data-quickview-id=\"2449\" class=\"shopkit-quickview-button\"><\/span>\t\t<\/div>\n<h2 class=\"woocommerce-loop-product__title\">ONE GAMING PC High End Elite AN04<\/h2>\n\t<span class=\"price\"><del aria-hidden=\"true\"><span class=\"woocommerce-Price-amount amount\"><bdi><span class=\"woocommerce-Price-currencySymbol\">&euro;<\/span>2.199,00<\/bdi><\/span><\/del> <span class=\"screen-reader-text\">Urspr\u00fcnglicher Preis war: &euro;2.199,00<\/span><ins aria-hidden=\"true\"><span class=\"woocommerce-Price-amount amount\"><bdi><span class=\"woocommerce-Price-currencySymbol\">&euro;<\/span>1.999,99<\/bdi><\/span><\/ins><span class=\"screen-reader-text\">Aktueller Preis ist: &euro;1.999,99.<\/span><\/span>\n<\/a><a href=\"https:\/\/www1.belboon.de\/adtracking\/001f9a0023ab028085004154.html\/&#038;deeplink=https:\/\/www.one.de\/one-gaming-pc-high-end-elite-an04-frei-anpassen-online-bestellen-amd-nvidia?ref=BELBOON\" data-quantity=\"1\" class=\"button product_type_external\" data-product_id=\"2449\" data-product_sku=\"24198\" aria-label=\"&#8222;ONE GAMING PC High End Elite AN04&#8220; kaufen\" aria-describedby=\"\" rel=\"nofollow\">Produkt kaufen<\/a><\/li>\n<li class=\"product type-product post-2453 status-publish first instock product_cat-pietsmiet product_cat-ryzen has-post-thumbnail shipping-taxable product-type-external\">\n\t<a href=\"http:\/\/pc-direkthandel.de\/wordpress\/product\/one-gaming-pc-high-end-ultra-an04\/\" class=\"woocommerce-LoopProduct-link woocommerce-loop-product__link\">\t\t<div class=\"shopkit-loop-image\">\n\t\t\t<div class=\"shopkit-loop-image-inner\">\n<img loading=\"lazy\" decoding=\"async\" width=\"200\" height=\"200\" src=\"https:\/\/i0.wp.com\/pc-direkthandel.de\/wordpress\/wp-content\/uploads\/2019\/09\/24199_01_m9zP73ZszeWhF3_200x200.jpg?resize=200%2C200\" class=\"attachment-woocommerce_thumbnail size-woocommerce_thumbnail\" alt=\"\" srcset=\"https:\/\/i0.wp.com\/pc-direkthandel.de\/wordpress\/wp-content\/uploads\/2019\/09\/24199_01_m9zP73ZszeWhF3_200x200.jpg?w=200 200w, https:\/\/i0.wp.com\/pc-direkthandel.de\/wordpress\/wp-content\/uploads\/2019\/09\/24199_01_m9zP73ZszeWhF3_200x200.jpg?resize=150%2C150 150w, https:\/\/i0.wp.com\/pc-direkthandel.de\/wordpress\/wp-content\/uploads\/2019\/09\/24199_01_m9zP73ZszeWhF3_200x200.jpg?resize=100%2C100 100w\" sizes=\"(max-width: 200px) 100vw, 200px\" \/>\t\t\t<\/div>\n<span data-quickview-id=\"2453\" class=\"shopkit-quickview-button\"><\/span>\t\t<\/div>\n<h2 class=\"woocommerce-loop-product__title\">ONE GAMING PC High End Ultra AN04<\/h2>\n\t<span class=\"price\"><span class=\"woocommerce-Price-amount amount\"><bdi><span class=\"woocommerce-Price-currencySymbol\">&euro;<\/span>1.869,99<\/bdi><\/span><\/span>\n<\/a><a href=\"https:\/\/www1.belboon.de\/adtracking\/001f9a0023ab028085004154.html\/&#038;deeplink=https:\/\/www.one.de\/one-gaming-pc-high-end-ultra-an04-frei-anpassen-online-bestellen-amd-nvidia?ref=BELBOON\" data-quantity=\"1\" class=\"button product_type_external\" data-product_id=\"2453\" data-product_sku=\"24199\" aria-label=\"&#8222;ONE GAMING PC High End Ultra AN04&#8220; kaufen\" aria-describedby=\"\" rel=\"nofollow\">Produkt kaufen<\/a><\/li>\n<li class=\"product type-product post-2467 status-publish instock product_cat-pietsmiet product_cat-ryzen has-post-thumbnail shipping-taxable product-type-external\">\n\t<a href=\"http:\/\/pc-direkthandel.de\/wordpress\/product\/one-gaming-pc-high-end-ultra-an05\/\" class=\"woocommerce-LoopProduct-link woocommerce-loop-product__link\">\t\t<div class=\"shopkit-loop-image\">\n\t\t\t<div class=\"shopkit-loop-image-inner\">\n<img loading=\"lazy\" decoding=\"async\" width=\"200\" height=\"200\" src=\"https:\/\/i0.wp.com\/pc-direkthandel.de\/wordpress\/wp-content\/uploads\/2019\/09\/24303_01_me98GUAZQCJG7c_200x200.jpg?resize=200%2C200\" class=\"attachment-woocommerce_thumbnail size-woocommerce_thumbnail\" alt=\"\" srcset=\"https:\/\/i0.wp.com\/pc-direkthandel.de\/wordpress\/wp-content\/uploads\/2019\/09\/24303_01_me98GUAZQCJG7c_200x200.jpg?w=200 200w, https:\/\/i0.wp.com\/pc-direkthandel.de\/wordpress\/wp-content\/uploads\/2019\/09\/24303_01_me98GUAZQCJG7c_200x200.jpg?resize=150%2C150 150w, https:\/\/i0.wp.com\/pc-direkthandel.de\/wordpress\/wp-content\/uploads\/2019\/09\/24303_01_me98GUAZQCJG7c_200x200.jpg?resize=100%2C100 100w\" sizes=\"(max-width: 200px) 100vw, 200px\" \/>\t\t\t<\/div>\n<span data-quickview-id=\"2467\" class=\"shopkit-quickview-button\"><\/span>\t\t<\/div>\n<h2 class=\"woocommerce-loop-product__title\">ONE GAMING PC High End Ultra AN05<\/h2>\n\t<span class=\"price\"><span class=\"woocommerce-Price-amount amount\"><bdi><span class=\"woocommerce-Price-currencySymbol\">&euro;<\/span>6.199,99<\/bdi><\/span><\/span>\n<\/a><a href=\"https:\/\/www1.belboon.de\/adtracking\/001f9a0023ab028085004154.html\/&#038;deeplink=https:\/\/www.one.de\/one-gaming-pc-high-end-ultra-an05-frei-konfigurieren-bestellen-amd-nvidia?ref=BELBOON\" data-quantity=\"1\" class=\"button product_type_external\" data-product_id=\"2467\" data-product_sku=\"24303\" aria-label=\"&#8222;ONE GAMING PC High End Ultra AN05&#8220; kaufen\" aria-describedby=\"\" rel=\"nofollow\">Produkt kaufen<\/a><\/li>\n<\/ul>\n<\/div>[\/vc_column][\/vc_row][vc_row][vc_column][vc_column_text]<\/p>\n<div id=\"sobgpcf\">\n<p id=\"sozwischenpcf\">FEINSTE QUALIT\u00c4T<\/p>\n<p class=\"sofliesstextpcf\">Hochwertig verarbeitete und genial aufeinander gestimmte Komponenten, lassen jeden Zocker weich in der Birne werden. Eine krasse Grafikkarte ist das, was sich jeder Gamer in seinem Gaming-System w\u00fcnscht. Daher wurden die Rechner mit MSI Grafikkarten mit NVIDIA-GPUs ausgestattet, die Gaming in den h\u00f6chsten Qualit\u00e4tseinstellungen bis zu 4K-Aufl\u00f6sung erm\u00f6glichen. Die PietSmiet-PCs setzen nat\u00fcrlich auf die neuen Coffee Lake Prozessoren von Intel, der massive ONE PietSmiet Penetrator hingegen auf den High-End-Chip aus der Skylake-X-Serie. Auch die Optik der PietSmiet Gaming-PCs fetzt: edles Schwarz gepaart mit einem giftigen Gr\u00fcn l\u00e4sst die Gaming-Systeme gewaltig erscheinen. Von der perfekten Grundausstattung des <a href=\"https:\/\/www.one.de\/pietsmiet-pc-little-ja-anpassen\" target=\"_blank\" rel=\"noopener noreferrer\">Little Jays<\/a>, bis hin zum <a href=\"https:\/\/www.one.de\/pietsmiet-pc-penetrator-bestellen\" target=\"_blank\" rel=\"noopener noreferrer\">Penetrator<\/a>, der alles und jeden platt macht \u2013 ist f\u00fcr jeden leidenschaftlichen Zocker was dabei.<\/p>\n<\/div>\n<p>[\/vc_column_text][\/vc_column][\/vc_row][vc_row][vc_column][vc_column_text]<\/p>\n<h2 id=\"sotitelnbe\">PIETSMIET KONFIGURIERBARE GAMING NOTEBOOKS<\/h2>\n<p>[\/vc_column_text][\/vc_column][\/vc_row][vc_row][vc_column]<div class=\"woocommerce columns-3 \"><ul class=\"products columns-3\">\n<li class=\"product type-product post-1693 status-publish first instock product_cat-pietsmiet-one-de-notebooks has-post-thumbnail shipping-taxable product-type-external\">\n\t<a href=\"http:\/\/pc-direkthandel.de\/wordpress\/product\/pietsmiet-notebook-nougat-to-go\/\" class=\"woocommerce-LoopProduct-link woocommerce-loop-product__link\">\t\t<div class=\"shopkit-loop-image\">\n\t\t\t<div class=\"shopkit-loop-image-inner\">\n<img loading=\"lazy\" decoding=\"async\" width=\"330\" height=\"302\" src=\"https:\/\/i0.wp.com\/pc-direkthandel.de\/wordpress\/wp-content\/uploads\/2019\/09\/nougat-to-go.jpg?resize=330%2C302\" class=\"attachment-woocommerce_thumbnail size-woocommerce_thumbnail\" alt=\"\" srcset=\"https:\/\/i0.wp.com\/pc-direkthandel.de\/wordpress\/wp-content\/uploads\/2019\/09\/nougat-to-go.jpg?w=330 330w, https:\/\/i0.wp.com\/pc-direkthandel.de\/wordpress\/wp-content\/uploads\/2019\/09\/nougat-to-go.jpg?resize=300%2C275 300w\" sizes=\"(max-width: 330px) 100vw, 330px\" \/>\t\t\t<\/div>\n<span data-quickview-id=\"1693\" class=\"shopkit-quickview-button\"><\/span>\t\t<\/div>\n<h2 class=\"woocommerce-loop-product__title\">PIETSMIET Notebook Nougat to go<\/h2>\n\t<span class=\"price\"><span class=\"woocommerce-Price-amount amount\"><bdi><span class=\"woocommerce-Price-currencySymbol\">&euro;<\/span>2.199,00<\/bdi><\/span><\/span>\n<\/a><a href=\"https:\/\/www1.belboon.de\/adtracking\/001f9a0023ab028085004154.html\/&#038;deeplink=https:\/\/www.one.de\/pietsmiet-notebook-nougat-to-go-kaufen?ref=BELBOON\" data-quantity=\"1\" class=\"button product_type_external\" data-product_id=\"1693\" data-product_sku=\"24039\" aria-label=\"&#8222;PIETSMIET Notebook Nougat to go&#8220; kaufen\" aria-describedby=\"\" rel=\"nofollow\">Produkt kaufen<\/a><\/li>\n<li class=\"product type-product post-1695 status-publish instock product_cat-pietsmiet-one-de-notebooks has-post-thumbnail shipping-taxable product-type-external\">\n\t<a href=\"http:\/\/pc-direkthandel.de\/wordpress\/product\/pietsmiet-notebook-porn-to-go\/\" class=\"woocommerce-LoopProduct-link woocommerce-loop-product__link\">\t\t<div class=\"shopkit-loop-image\">\n\t\t\t<div class=\"shopkit-loop-image-inner\">\n<img loading=\"lazy\" decoding=\"async\" width=\"330\" height=\"302\" src=\"https:\/\/i0.wp.com\/pc-direkthandel.de\/wordpress\/wp-content\/uploads\/2019\/09\/porn-to-go.jpg?resize=330%2C302\" class=\"attachment-woocommerce_thumbnail size-woocommerce_thumbnail\" alt=\"\" srcset=\"https:\/\/i0.wp.com\/pc-direkthandel.de\/wordpress\/wp-content\/uploads\/2019\/09\/porn-to-go.jpg?w=330 330w, https:\/\/i0.wp.com\/pc-direkthandel.de\/wordpress\/wp-content\/uploads\/2019\/09\/porn-to-go.jpg?resize=300%2C275 300w\" sizes=\"(max-width: 330px) 100vw, 330px\" \/>\t\t\t<\/div>\n<span data-quickview-id=\"1695\" class=\"shopkit-quickview-button\"><\/span>\t\t<\/div>\n<h2 class=\"woocommerce-loop-product__title\">PIETSMIET Notebook Porn to go<\/h2>\n\t<span class=\"price\"><span class=\"woocommerce-Price-amount amount\"><bdi><span class=\"woocommerce-Price-currencySymbol\">&euro;<\/span>3.299,00<\/bdi><\/span><\/span>\n<\/a><a href=\"https:\/\/www1.belboon.de\/adtracking\/001f9a0023ab028085004154.html\/&#038;deeplink=https:\/\/www.one.de\/pietsmiet-notebook-porn-to-go-anpassen-und-kaufen?ref=BELBOON\" data-quantity=\"1\" class=\"button product_type_external\" data-product_id=\"1695\" data-product_sku=\"23507\" aria-label=\"&#8222;PIETSMIET Notebook Porn to go&#8220; kaufen\" aria-describedby=\"\" rel=\"nofollow\">Produkt kaufen<\/a><\/li>\n<li class=\"product type-product post-1687 status-publish last instock product_cat-pietsmiet-one-de-notebooks has-post-thumbnail shipping-taxable product-type-external\">\n\t<a href=\"http:\/\/pc-direkthandel.de\/wordpress\/product\/pietsmiet-notebook-schnittchen-to-go\/\" class=\"woocommerce-LoopProduct-link woocommerce-loop-product__link\">\t\t<div class=\"shopkit-loop-image\">\n\t\t\t<div class=\"shopkit-loop-image-inner\">\n<img loading=\"lazy\" decoding=\"async\" width=\"330\" height=\"302\" src=\"https:\/\/i0.wp.com\/pc-direkthandel.de\/wordpress\/wp-content\/uploads\/2019\/09\/schnittchen2go.jpg?resize=330%2C302\" class=\"attachment-woocommerce_thumbnail size-woocommerce_thumbnail\" alt=\"\" srcset=\"https:\/\/i0.wp.com\/pc-direkthandel.de\/wordpress\/wp-content\/uploads\/2019\/09\/schnittchen2go.jpg?w=330 330w, https:\/\/i0.wp.com\/pc-direkthandel.de\/wordpress\/wp-content\/uploads\/2019\/09\/schnittchen2go.jpg?resize=300%2C275 300w\" sizes=\"(max-width: 330px) 100vw, 330px\" \/>\t\t\t<\/div>\n<span data-quickview-id=\"1687\" class=\"shopkit-quickview-button\"><\/span>\t\t<\/div>\n<h2 class=\"woocommerce-loop-product__title\">PIETSMIET Notebook Schnittchen to go<\/h2>\n\t<span class=\"price\"><span class=\"woocommerce-Price-amount amount\"><bdi><span class=\"woocommerce-Price-currencySymbol\">&euro;<\/span>1.299,00<\/bdi><\/span><\/span>\n<\/a><a href=\"https:\/\/www1.belboon.de\/adtracking\/001f9a0023ab028085004154.html\/&#038;deeplink=https:\/\/www.one.de\/pietsmiet-notebook-schnittchen-to-go-anpassen?ref=BELBOON\" data-quantity=\"1\" class=\"button product_type_external\" data-product_id=\"1687\" data-product_sku=\"24061\" aria-label=\"&#8222;PIETSMIET Notebook Schnittchen to go&#8220; kaufen\" aria-describedby=\"\" rel=\"nofollow\">Produkt kaufen<\/a><\/li>\n<\/ul>\n<\/div>[\/vc_column][\/vc_row][vc_row][vc_column][vc_raw_html]JTNDY2VudGVyJTNFJTNDYSUyMGhyZWYlM0QlMjJodHRwcyUzQSUyRiUyRnd3dzEuYmVsYm9vbi5kZSUyRmFkdHJhY2tpbmclMkYwMDFmOWEwMDIzYWIwNGMwZDQwMDQxNTQuaHRtbCUyMiUyMHRhcmdldCUzRCUyMl9ibGFuayUyMiUzRSUzQ2ltZyUyMHNyYyUzRCUyMmh0dHBzJTNBJTJGJTJGd3d3MS5iZWxib29uLmRlJTJGYWR0cmFja2luZyUyRjAwMWY5YTAwMjNhYjA0YzBkNDAwNDE1NC5pbWclMjIlMjBib3JkZXIlM0QlMjIwJTIyJTIwd2lkdGglM0QlMjI3MjglMjIlMjBoZWlnaHQlM0QlMjI5MCUyMiUyMGFsdCUzRCUyMktvbmZpZ3VyaWVyZW4lMjBTaWUlMjBpaHIlMjBQQyUyMG9kZXIlMjBOb3RlYm9vayUyMGRpcmVrdCUyMGJlaW0lMjBIZXJzdGVsbGVyLiUyMiUyMCUyRiUzRSUzQyUyRmElM0UlM0MlMkZjZW50ZXIlM0U=[\/vc_raw_html][\/vc_column][\/vc_row]<\/p>\n<\/div>","protected":false},"excerpt":{"rendered":"<p>[vc_row][vc_column][vc_single_image image=&#8220;1659&#8243; img_size=&#8220;full&#8220; alignment=&#8220;center&#8220;][vc_single_image image=&#8220;1660&#8243; img_size=&#8220;full&#8220; alignment=&#8220;center&#8220;][vc_column_text]Let\u2019s Play f\u00fcr jeden \u2013 das ist das Motto der 5 spieleverr\u00fcckten Jungs von PietSmiet. Kurzer Hand wurden die allabendlichen Zockersessions aufgezeichnet und auf YouTube hochgeladen. Somit war der Kanal \u201ePietSmiet\u201c geboren, der heute zu den gr\u00f6\u00dften Let\u2019s Play- und auch YouTube-Kan\u00e4len z\u00e4hlt. Mit dem wachsenden Erfolg der Let\u2019s [&hellip;]<\/p>\n","protected":false},"author":1,"featured_media":0,"parent":1617,"menu_order":0,"comment_status":"closed","ping_status":"closed","template":"","meta":{"_acf_changed":false,"footnotes":""},"acf":[],"jetpack_sharing_enabled":true,"_links":{"self":[{"href":"http:\/\/pc-direkthandel.de\/wordpress\/wp-json\/wp\/v2\/pages\/1658"}],"collection":[{"href":"http:\/\/pc-direkthandel.de\/wordpress\/wp-json\/wp\/v2\/pages"}],"about":[{"href":"http:\/\/pc-direkthandel.de\/wordpress\/wp-json\/wp\/v2\/types\/page"}],"author":[{"embeddable":true,"href":"http:\/\/pc-direkthandel.de\/wordpress\/wp-json\/wp\/v2\/users\/1"}],"replies":[{"embeddable":true,"href":"http:\/\/pc-direkthandel.de\/wordpress\/wp-json\/wp\/v2\/comments?post=1658"}],"version-history":[{"count":10,"href":"http:\/\/pc-direkthandel.de\/wordpress\/wp-json\/wp\/v2\/pages\/1658\/revisions"}],"predecessor-version":[{"id":5530,"href":"http:\/\/pc-direkthandel.de\/wordpress\/wp-json\/wp\/v2\/pages\/1658\/revisions\/5530"}],"up":[{"embeddable":true,"href":"http:\/\/pc-direkthandel.de\/wordpress\/wp-json\/wp\/v2\/pages\/1617"}],"wp:attachment":[{"href":"http:\/\/pc-direkthandel.de\/wordpress\/wp-json\/wp\/v2\/media?parent=1658"}],"curies":[{"name":"wp","href":"https:\/\/api.w.org\/{rel}","templated":true}]}}