{"id":1468,"date":"2019-09-15T21:01:25","date_gmt":"2019-09-15T19:01:25","guid":{"rendered":"http:\/\/pc-direkthandel.de\/wordpress\/?page_id=1468"},"modified":"2019-10-23T14:11:18","modified_gmt":"2019-10-23T12:11:18","slug":"powered-by-asus","status":"publish","type":"page","link":"http:\/\/pc-direkthandel.de\/wordpress\/hardware\/pc-systeme\/gaming-pcs\/memorypc\/powered-by-asus\/","title":{"rendered":"powered by ASUS"},"content":{"rendered":"<div class=\"wpb-content-wrapper\"><p>[vc_row][vc_column][vc_single_image image=&#8220;1469&#8243; img_size=&#8220;full&#8220; alignment=&#8220;center&#8220;][vc_column_text]<\/p>\n<h2>Powered by ASUS. Das perfekte PC-System.<\/h2>\n<p><span data-mce-mark=\"1\">F\u00fcr die \u201ePowered by ASUS\u201c &#8211; Memory:PC Systeme\u00a0<\/span><span data-mce-mark=\"1\">kommen ausschlie\u00dflich preisgekr\u00f6nte ASUS-Komponenten sowie erstklassige Markenkomponenten weiterer Hersteller. Die Auswahl der Komponenten erfolgt neben den Kriterien der optimalen Kompatibilit\u00e4t auch aufgrund des jeweiligen Einsatzbereichs des PC-Systems (Gaming, Office, Multimedia) sowie nach qualitativen Gesichtspunkten (Belastbarkeit, Performance, geringe Lautst\u00e4rke, etc.).<\/span><\/p>\n<p>Die Systeme sind dar\u00fcber hinaus konfigurierbar, sodass Technik-Enthusiasten einzelne Komponenten mit Hilfe des Konfigurators austauschen und ihr PBA-System nach ihrem individuellen Bedarf anpassen k\u00f6nnen. Selbstverst\u00e4ndlich ist auch bei den Aufr\u00fcstkomponenten stets die optimale Kompatibilit\u00e4t sowie das perfekte Zusammenspiel seitens der Memory:PC ASUS-Experten gew\u00e4hrleistet und zertifiziert.[\/vc_column_text][\/vc_column][\/vc_row][vc_row][vc_column]<div class=\"woocommerce columns-4 \"><ul class=\"products columns-4\">\n<li class=\"product type-product post-1464 status-publish first instock product_cat-powered-by-asus has-post-thumbnail shipping-taxable product-type-external\">\n\t<a href=\"http:\/\/pc-direkthandel.de\/wordpress\/product\/gaming-pc-pba-amd-ryzen-5-2600\/\" class=\"woocommerce-LoopProduct-link woocommerce-loop-product__link\">\t\t<div class=\"shopkit-loop-image\">\n\t\t\t<div class=\"shopkit-loop-image-inner\">\n<img loading=\"lazy\" decoding=\"async\" width=\"198\" height=\"200\" src=\"https:\/\/i0.wp.com\/pc-direkthandel.de\/wordpress\/wp-content\/uploads\/2019\/09\/550726_550726_juni_200x200.png?resize=198%2C200\" class=\"attachment-woocommerce_thumbnail size-woocommerce_thumbnail\" alt=\"\" srcset=\"https:\/\/i0.wp.com\/pc-direkthandel.de\/wordpress\/wp-content\/uploads\/2019\/09\/550726_550726_juni_200x200.png?w=198 198w, https:\/\/i0.wp.com\/pc-direkthandel.de\/wordpress\/wp-content\/uploads\/2019\/09\/550726_550726_juni_200x200.png?resize=100%2C100 100w\" sizes=\"(max-width: 198px) 100vw, 198px\" \/>\t\t\t<\/div>\n<span data-quickview-id=\"1464\" class=\"shopkit-quickview-button\"><\/span>\t\t<\/div>\n<h2 class=\"woocommerce-loop-product__title\">Gaming PC PBA AMD Ryzen 5 2600<\/h2>\n\t<span class=\"price\"><span class=\"woocommerce-Price-amount amount\"><bdi><span class=\"woocommerce-Price-currencySymbol\">&euro;<\/span>929,00<\/bdi><\/span><\/span>\n<\/a><a href=\"http:\/\/tidd.ly\/fd20aaf\" data-quantity=\"1\" class=\"button product_type_external\" data-product_id=\"1464\" data-product_sku=\"550726\" aria-label=\"&#8222;Gaming PC PBA AMD Ryzen 5 2600&#8220; kaufen\" aria-describedby=\"\" rel=\"nofollow\">Produkt kaufen<\/a><\/li>\n<li class=\"product type-product post-1475 status-publish instock product_cat-cad product_cat-powered-by-asus has-post-thumbnail shipping-taxable product-type-external\">\n\t<a href=\"http:\/\/pc-direkthandel.de\/wordpress\/product\/gaming-pc-pba-amd-ryzen-7-2700x\/\" class=\"woocommerce-LoopProduct-link woocommerce-loop-product__link\">\t\t<div class=\"shopkit-loop-image\">\n\t\t\t<div class=\"shopkit-loop-image-inner\">\n<img loading=\"lazy\" decoding=\"async\" width=\"198\" height=\"200\" src=\"https:\/\/i0.wp.com\/pc-direkthandel.de\/wordpress\/wp-content\/uploads\/2019\/09\/550725_550725_logos_pbakJcQUXHjWBs4w_200x200.png?resize=198%2C200\" class=\"attachment-woocommerce_thumbnail size-woocommerce_thumbnail\" alt=\"\" srcset=\"https:\/\/i0.wp.com\/pc-direkthandel.de\/wordpress\/wp-content\/uploads\/2019\/09\/550725_550725_logos_pbakJcQUXHjWBs4w_200x200.png?w=198 198w, https:\/\/i0.wp.com\/pc-direkthandel.de\/wordpress\/wp-content\/uploads\/2019\/09\/550725_550725_logos_pbakJcQUXHjWBs4w_200x200.png?resize=100%2C100 100w\" sizes=\"(max-width: 198px) 100vw, 198px\" \/>\t\t\t<\/div>\n<span data-quickview-id=\"1475\" class=\"shopkit-quickview-button\"><\/span>\t\t<\/div>\n<h2 class=\"woocommerce-loop-product__title\">Gaming PC PBA AMD Ryzen 7 2700X<\/h2>\n\t<span class=\"price\"><span class=\"woocommerce-Price-amount amount\"><bdi><span class=\"woocommerce-Price-currencySymbol\">&euro;<\/span>1.359,00<\/bdi><\/span><\/span>\n<\/a><a href=\"http:\/\/tidd.ly\/8b07d56d\" data-quantity=\"1\" class=\"button product_type_external\" data-product_id=\"1475\" data-product_sku=\"550725\" aria-label=\"&#8222;Gaming PC PBA AMD Ryzen 7 2700X&#8220; kaufen\" aria-describedby=\"\" rel=\"nofollow\">Produkt kaufen<\/a><\/li>\n<li class=\"product type-product post-1477 status-publish instock product_cat-powered-by-asus has-post-thumbnail shipping-taxable product-type-external\">\n\t<a href=\"http:\/\/pc-direkthandel.de\/wordpress\/product\/gaming-pc-pba-intel-i7-9700\/\" class=\"woocommerce-LoopProduct-link woocommerce-loop-product__link\">\t\t<div class=\"shopkit-loop-image\">\n\t\t\t<div class=\"shopkit-loop-image-inner\">\n<img loading=\"lazy\" decoding=\"async\" width=\"198\" height=\"200\" src=\"https:\/\/i0.wp.com\/pc-direkthandel.de\/wordpress\/wp-content\/uploads\/2019\/09\/550724_550724_logos_pba_200x200.png?resize=198%2C200\" class=\"attachment-woocommerce_thumbnail size-woocommerce_thumbnail\" alt=\"\" srcset=\"https:\/\/i0.wp.com\/pc-direkthandel.de\/wordpress\/wp-content\/uploads\/2019\/09\/550724_550724_logos_pba_200x200.png?w=198 198w, https:\/\/i0.wp.com\/pc-direkthandel.de\/wordpress\/wp-content\/uploads\/2019\/09\/550724_550724_logos_pba_200x200.png?resize=100%2C100 100w\" sizes=\"(max-width: 198px) 100vw, 198px\" \/>\t\t\t<\/div>\n<span data-quickview-id=\"1477\" class=\"shopkit-quickview-button\"><\/span>\t\t<\/div>\n<h2 class=\"woocommerce-loop-product__title\">Gaming PC PBA Intel i7-9700<\/h2>\n\t<span class=\"price\"><span class=\"woocommerce-Price-amount amount\"><bdi><span class=\"woocommerce-Price-currencySymbol\">&euro;<\/span>1.559,00<\/bdi><\/span><\/span>\n<\/a><a href=\"http:\/\/tidd.ly\/d20b2cff\" data-quantity=\"1\" class=\"button product_type_external\" data-product_id=\"1477\" data-product_sku=\"550724\" aria-label=\"&#8222;Gaming PC PBA Intel i7-9700&#8220; kaufen\" aria-describedby=\"\" rel=\"nofollow\">Produkt kaufen<\/a><\/li>\n<li class=\"product type-product post-1479 status-publish last instock product_cat-powered-by-asus has-post-thumbnail shipping-taxable product-type-external\">\n\t<a href=\"http:\/\/pc-direkthandel.de\/wordpress\/product\/gaming-pc-pba-intel-i7-9900k\/\" class=\"woocommerce-LoopProduct-link woocommerce-loop-product__link\">\t\t<div class=\"shopkit-loop-image\">\n\t\t\t<div class=\"shopkit-loop-image-inner\">\n<img loading=\"lazy\" decoding=\"async\" width=\"198\" height=\"200\" src=\"https:\/\/i0.wp.com\/pc-direkthandel.de\/wordpress\/wp-content\/uploads\/2019\/09\/550729_550729_neu4_200x200.png?resize=198%2C200\" class=\"attachment-woocommerce_thumbnail size-woocommerce_thumbnail\" alt=\"\" srcset=\"https:\/\/i0.wp.com\/pc-direkthandel.de\/wordpress\/wp-content\/uploads\/2019\/09\/550729_550729_neu4_200x200.png?w=198 198w, https:\/\/i0.wp.com\/pc-direkthandel.de\/wordpress\/wp-content\/uploads\/2019\/09\/550729_550729_neu4_200x200.png?resize=100%2C100 100w\" sizes=\"(max-width: 198px) 100vw, 198px\" \/>\t\t\t<\/div>\n<span data-quickview-id=\"1479\" class=\"shopkit-quickview-button\"><\/span>\t\t<\/div>\n<h2 class=\"woocommerce-loop-product__title\">Gaming PC PBA Intel i7-9900K<\/h2>\n\t<span class=\"price\"><span class=\"woocommerce-Price-amount amount\"><bdi><span class=\"woocommerce-Price-currencySymbol\">&euro;<\/span>2.049,00<\/bdi><\/span><\/span>\n<\/a><a href=\"http:\/\/tidd.ly\/be0901ca\" data-quantity=\"1\" class=\"button product_type_external\" data-product_id=\"1479\" data-product_sku=\"550729\" aria-label=\"&#8222;Gaming PC PBA Intel i7-9900K&#8220; kaufen\" aria-describedby=\"\" rel=\"nofollow\">Produkt kaufen<\/a><\/li>\n<\/ul>\n<\/div>[\/vc_column][\/vc_row][vc_row][vc_column][vc_raw_html]JTNDY2VudGVyJTNFJTNDYSUyMGhyZWYlM0QlMjJodHRwcyUzQSUyRiUyRnd3dzEuYmVsYm9vbi5kZSUyRmFkdHJhY2tpbmclMkYwMDFmOWEwMDIzYWIwNTNiMWQwMDVjNTkuaHRtbCUyMiUyMHRhcmdldCUzRCUyMl9ibGFuayUyMiUzRSUzQ2ltZyUyMHNyYyUzRCUyMmh0dHBzJTNBJTJGJTJGd3d3MS5iZWxib29uLmRlJTJGYWR0cmFja2luZyUyRjAwMWY5YTAwMjNhYjA1M2IxZDAwNWM1OS5pbWclMjIlMjBib3JkZXIlM0QlMjIwJTIyJTIwd2lkdGglM0QlMjI3MjglMjIlMjBoZWlnaHQlM0QlMjI5MCUyMiUyMGFsdCUzRCUyMiUyMiUyMCUyRiUzRSUzQyUyRmElM0UlM0MlMkZjZW50ZXIlM0U=[\/vc_raw_html][\/vc_column][\/vc_row]<\/p>\n<\/div>","protected":false},"excerpt":{"rendered":"<p>[vc_row][vc_column][vc_single_image image=&#8220;1469&#8243; img_size=&#8220;full&#8220; alignment=&#8220;center&#8220;][vc_column_text] Powered by ASUS. Das perfekte PC-System. F\u00fcr die \u201ePowered by ASUS\u201c &#8211; Memory:PC Systeme\u00a0kommen ausschlie\u00dflich preisgekr\u00f6nte ASUS-Komponenten sowie erstklassige Markenkomponenten weiterer Hersteller. Die Auswahl der Komponenten erfolgt neben den Kriterien der optimalen Kompatibilit\u00e4t auch aufgrund des jeweiligen Einsatzbereichs des PC-Systems (Gaming, Office, Multimedia) sowie nach qualitativen Gesichtspunkten (Belastbarkeit, Performance, geringe Lautst\u00e4rke, [&hellip;]<\/p>\n","protected":false},"author":1,"featured_media":0,"parent":1460,"menu_order":0,"comment_status":"closed","ping_status":"closed","template":"","meta":{"_acf_changed":false,"footnotes":""},"acf":[],"jetpack_sharing_enabled":true,"_links":{"self":[{"href":"http:\/\/pc-direkthandel.de\/wordpress\/wp-json\/wp\/v2\/pages\/1468"}],"collection":[{"href":"http:\/\/pc-direkthandel.de\/wordpress\/wp-json\/wp\/v2\/pages"}],"about":[{"href":"http:\/\/pc-direkthandel.de\/wordpress\/wp-json\/wp\/v2\/types\/page"}],"author":[{"embeddable":true,"href":"http:\/\/pc-direkthandel.de\/wordpress\/wp-json\/wp\/v2\/users\/1"}],"replies":[{"embeddable":true,"href":"http:\/\/pc-direkthandel.de\/wordpress\/wp-json\/wp\/v2\/comments?post=1468"}],"version-history":[{"count":2,"href":"http:\/\/pc-direkthandel.de\/wordpress\/wp-json\/wp\/v2\/pages\/1468\/revisions"}],"predecessor-version":[{"id":5551,"href":"http:\/\/pc-direkthandel.de\/wordpress\/wp-json\/wp\/v2\/pages\/1468\/revisions\/5551"}],"up":[{"embeddable":true,"href":"http:\/\/pc-direkthandel.de\/wordpress\/wp-json\/wp\/v2\/pages\/1460"}],"wp:attachment":[{"href":"http:\/\/pc-direkthandel.de\/wordpress\/wp-json\/wp\/v2\/media?parent=1468"}],"curies":[{"name":"wp","href":"https:\/\/api.w.org\/{rel}","templated":true}]}}